000
CDUS41 KALY 210623
CLIALB


CLIMATE REPORT
NATIONAL WEATHER SERVICE ALBANY NY
222 AM EDT MON MAY 21 2018


...................................

...THE ALBANY NY CLIMATE SUMMARY FOR MAY 20 2018...

CLIMATE NORMAL PERIOD 1981 TO 2010
CLIMATE RECORD PERIOD 1874 TO 2018


WEATHER ITEM   OBSERVED TIME   RECORD YEAR NORMAL DEPARTURE LAST
                VALUE   (LST)  VALUE       VALUE  FROM      YEAR
                                                  NORMAL
..................................................................
TEMPERATURE (F)
 YESTERDAY
  MAXIMUM         75    227 PM  91    1962  71      4       68
  MINIMUM         56   1112 PM  29    2002  48      8       50
  AVERAGE         66                        59      7       59

PRECIPITATION (IN)
  YESTERDAY        0.11          1.82 1889   0.12  -0.01     0.00
  MONTH TO DATE    1.34                      2.22  -0.88     3.71
  SINCE MAR 1      8.57                      8.60  -0.03    10.66
  SINCE JAN 1     14.04                     13.39   0.65    16.64

SNOWFALL (IN)
  YESTERDAY        0.0           0.0    MM   0.0    0.0      0.0
  MONTH TO DATE    0.0                       0.1   -0.1       T
  SINCE MAR 1     38.4                      13.4   25.0     19.6
  SINCE JUL 1     77.3                      60.3   17.0     60.8
  SNOW DEPTH       0

DEGREE DAYS
 HEATING
  YESTERDAY        0                         6     -6        6
  MONTH TO DATE   71                       178   -107      203
  SINCE MAR 1   1731                      1627    104     1601
  SINCE JUL 1   6273                      6571   -298     5764

 COOLING
  YESTERDAY        1                         1      0        0
  MONTH TO DATE   28                         9     19       24
  SINCE MAR 1     28                        13     15       46
  SINCE JAN 1     28                        13     15       46
..................................................................


WIND (MPH)
  HIGHEST WIND SPEED    24   HIGHEST WIND DIRECTION     W (290)
  HIGHEST GUST SPEED    32   HIGHEST GUST DIRECTION     W (290)
  AVERAGE WIND SPEED    10.4


SKY COVER
  AVERAGE SKY COVER 0.8



RELATIVE HUMIDITY (PERCENT)
 HIGHEST    93
 LOWEST     57
 AVERAGE    75

..........................................................


THE ALBANY NY CLIMATE NORMALS FOR TODAY
                         NORMAL    RECORD    YEAR
 MAXIMUM TEMPERATURE (F)   71        92      1941
 MINIMUM TEMPERATURE (F)   49        32      1949


SUNRISE AND SUNSET
MAY 21 2018...........SUNRISE   527 AM EDT   SUNSET   817 PM EDT
MAY 22 2018...........SUNRISE   526 AM EDT   SUNSET   818 PM EDT


-  INDICATES NEGATIVE NUMBERS.
R  INDICATES RECORD WAS SET OR TIED.
MM INDICATES DATA IS MISSING.
T  INDICATES TRACE AMOUNT.




$$
