000
CDUS44 KAMA 211424
CLIAMA


CLIMATE REPORT
NATIONAL WEATHER SERVICE AMARILLO TX
923 AM CDT SAT APR 21 2018


...................................

...THE AMARILLO CLIMATE SUMMARY FOR APRIL 21 2018...
VALID AS OF 0900 AM LOCAL TIME.

CLIMATE NORMAL PERIOD 1981 TO 2010
CLIMATE RECORD PERIOD 1892 TO 2018


WEATHER ITEM   OBSERVED TIME   RECORD YEAR NORMAL DEPARTURE LAST
                VALUE   (LST)  VALUE       VALUE  FROM      YEAR
                                                  NORMAL
..................................................................
TEMPERATURE (F)
 TODAY
  MINIMUM         45    543 AM  27    1982  43      2       45

PRECIPITATION (IN)
  TODAY            T             0.73 1948   0.05  -0.05     0.03
  MONTH TO DATE    0.42                      0.93  -0.51     0.32
  SINCE MAR 1      0.66                      2.32  -1.66     2.30
  SINCE JAN 1      0.67                      3.60  -2.93     5.98

SNOWFALL (IN)
  TODAY           MM             5.0  1907   0.0   MM        0.0
  MONTH TO DATE    0.0                       0.6   -0.6      0.0
  SINCE MAR 1      0.0                       3.5   -3.5      0.0
  SINCE JUL 1      T                        17.5  -17.5      8.0
  SNOW DEPTH       0

..................................................................


WIND (MPH)
  RESULTANT WIND SPEED  14   RESULTANT WIND DIRECTION   E (80)
  HIGHEST WIND SPEED    23   HIGHEST WIND DIRECTION     E (80)
  HIGHEST GUST SPEED    27   HIGHEST GUST DIRECTION     E (70)
  AVERAGE WIND SPEED    15.2


SKY COVER
  AVERAGE SKY COVER 0.8


WEATHER CONDITIONS
 THE FOLLOWING WEATHER WAS RECORDED TODAY.
  THUNDERSTORM
  LIGHT RAIN
  FOG


RELATIVE HUMIDITY (PERCENT)
 HIGHEST   100           400 AM
 LOWEST     93           200 AM
 AVERAGE    97

..........................................................


THE AMARILLO CLIMATE NORMALS FOR TOMORROW
                         NORMAL    RECORD    YEAR
 MAXIMUM TEMPERATURE (F)   73        98      1989
                                             1965
 MINIMUM TEMPERATURE (F)   44        24      1907


SUNRISE AND SUNSET
APRIL 21 2018.........SUNRISE   707 AM CDT   SUNSET   825 PM CDT
APRIL 22 2018.........SUNRISE   706 AM CDT   SUNSET   825 PM CDT


-  INDICATES NEGATIVE NUMBERS.
R  INDICATES RECORD WAS SET OR TIED.
MM INDICATES DATA IS MISSING.
T  INDICATES TRACE AMOUNT.




$$
