000
CDUS43 KAPX 260529
CLIANJ


CLIMATE REPORT
NATIONAL WEATHER SERVICE GAYLORD MI
128 AM EDT THU APR 26 2018


...................................

...THE SAULT STE MARIE MI CLIMATE SUMMARY FOR APRIL 25 2018...

CLIMATE NORMAL PERIOD 1981 TO 2010
CLIMATE RECORD PERIOD 1888 TO 2018


WEATHER ITEM   OBSERVED TIME   RECORD YEAR NORMAL DEPARTURE LAST
                VALUE   (LST)  VALUE       VALUE  FROM      YEAR
                                                  NORMAL
..................................................................
TEMPERATURE (F)
 YESTERDAY
  MAXIMUM         46   1232 PM  85    1990  55     -9       56
  MINIMUM         32   1043 PM  18    1892  35     -3       44
  AVERAGE         39                        45     -6       50

PRECIPITATION (IN)
  YESTERDAY        0.00          1.09 2008   0.08  -0.08     0.00
  MONTH TO DATE    2.27                      2.02   0.25     2.40
  SINCE MAR 1      3.54                      3.97  -0.43     4.35
  SINCE JAN 1      7.02                      7.50  -0.48    10.31

SNOWFALL (IN)
  YESTERDAY        0.0           4.7  1909   0.2   -0.2      0.0
  MONTH TO DATE   27.4                       6.3   21.1      0.5
  SINCE OCT 1    127.8                     119.9    7.9    137.4
  SINCE JUL 1    127.8                     119.9    7.9    137.4
  SNOW DEPTH       4

DEGREE DAYS
 HEATING
  YESTERDAY       26                        20      6       15
  MONTH TO DATE  821                       646    175      558
  SINCE MAR 1   2002                      1846    156     1756
  SINCE JUL 1   7829                      7972   -143     6630

 COOLING
  YESTERDAY        0                         0      0        0
  MONTH TO DATE    0                         0      0        0
  SINCE MAR 1      0                         0      0        0
  SINCE JAN 1      0                         0      0        0
..................................................................


WIND (MPH)
  HIGHEST WIND SPEED    21   HIGHEST WIND DIRECTION    NW (310)
  HIGHEST GUST SPEED    28   HIGHEST GUST DIRECTION    NW (300)
  AVERAGE WIND SPEED    MM




RELATIVE HUMIDITY (PERCENT)
 HIGHEST    MM
 LOWEST     MM
 AVERAGE    MM

..........................................................


THE SAULT STE MARIE MI CLIMATE NORMALS FOR TODAY
                         NORMAL    RECORD    YEAR
 MAXIMUM TEMPERATURE (F)   55        84      1990
 MINIMUM TEMPERATURE (F)   35        18      1907


SUNRISE AND SUNSET
APRIL 26 2018.........SUNRISE   631 AM EDT   SUNSET   840 PM EDT
APRIL 27 2018.........SUNRISE   630 AM EDT   SUNSET   841 PM EDT


-  INDICATES NEGATIVE NUMBERS.
R  INDICATES RECORD WAS SET OR TIED.
MM INDICATES DATA IS MISSING.
T  INDICATES TRACE AMOUNT.




$$
