000
CDUS42 KMFL 210829
CLIAPF


CLIMATE REPORT
NATIONAL WEATHER SERVICE MIAMI, FL
429 AM EDT MON MAY 21 2018


...................................

...THE NAPLES CLIMATE SUMMARY FOR MAY 20 2018...

CLIMATE NORMAL PERIOD 1981 TO 2010
CLIMATE RECORD PERIOD 1942 TO 2018


WEATHER ITEM   OBSERVED TIME   RECORD YEAR NORMAL DEPARTURE LAST
                VALUE   (LST)  VALUE       VALUE  FROM      YEAR
                                                  NORMAL
..................................................................
TEMPERATURE (F)
 YESTERDAY
  MAXIMUM         83   1123 AM  94    2017  88     -5       94
  MINIMUM         72   1159 PM  55    1979  69      3       74
  AVERAGE         78                        79     -1       84

PRECIPITATION (IN)
  YESTERDAY        0.10          1.33 1969   0.11  -0.01     0.00
  MONTH TO DATE    3.33                      1.65   1.68     1.78
  SINCE NOV 1      7.46                     13.83  -6.37     5.16
  SINCE JAN 1      6.31                     10.34  -4.03     4.81

SNOWFALL (IN)
  YESTERDAY        0.0
  MONTH TO DATE    0.0
  SINCE MAR 1      0.0
  SINCE JUL 1      0.0
  SNOW DEPTH       0

DEGREE DAYS
 HEATING
  YESTERDAY        0                         0      0        0
  MONTH TO DATE    0                         0      0        0
  SINCE MAR 1     22                        27     -5       11
  SINCE JUL 1    200                       260    -60       67

 COOLING
  YESTERDAY       13                        14     -1       19
  MONTH TO DATE  286                       247     39      280
  SINCE MAR 1    767                       676     91      831
  SINCE JAN 1   1127                       867    260     1154
..................................................................


WIND (MPH)
  HIGHEST WIND SPEED    23   HIGHEST WIND DIRECTION    SE (120)
  HIGHEST GUST SPEED    28   HIGHEST GUST DIRECTION    SE (140)
  AVERAGE WIND SPEED     8.1


SKY COVER
  AVERAGE SKY COVER 0.6


WEATHER CONDITIONS
 THE FOLLOWING WEATHER WAS RECORDED YESTERDAY.
  RAIN
  LIGHT RAIN
  FOG


RELATIVE HUMIDITY (PERCENT)
 HIGHEST   100
 LOWEST     79
 AVERAGE    90

..........................................................


THE NAPLES CLIMATE NORMALS FOR TODAY
                         NORMAL    RECORD    YEAR
 MAXIMUM TEMPERATURE (F)   89        94      2017
                                             1975
 MINIMUM TEMPERATURE (F)   70        59      1971


SUNRISE AND SUNSET
MAY 21 2018...........SUNRISE   638 AM EDT   SUNSET   810 PM EDT
MAY 22 2018...........SUNRISE   638 AM EDT   SUNSET   810 PM EDT


-  INDICATES NEGATIVE NUMBERS.
R  INDICATES RECORD WAS SET OR TIED.
MM INDICATES DATA IS MISSING.
T  INDICATES TRACE AMOUNT.




$$
