000
CDUS44 KEWX 262243
CLIAUS


CLIMATE REPORT
NATIONAL WEATHER SERVICE AUSTIN/SAN ANTONIO, TX
543 PM CDT THU APR 26 2018


...................................

...THE AUSTIN BERGSTROM CLIMATE SUMMARY FOR APRIL 26 2018...
VALID TODAY AS OF 0500 PM LOCAL TIME.

CLIMATE NORMAL PERIOD 1981 TO 2010
CLIMATE RECORD PERIOD 1943 TO 2018


WEATHER ITEM   OBSERVED TIME   RECORD YEAR NORMAL DEPARTURE LAST
                VALUE   (LST)  VALUE       VALUE  FROM      YEAR
                                                  NORMAL
..................................................................
TEMPERATURE (F)
 TODAY
  MAXIMUM         76    359 PM  96    1984  82     -6       92
  MINIMUM         45    605 AM  44    2001  58    -13       62
  AVERAGE         61                        70     -9       77

PRECIPITATION (IN)
  TODAY            0.00          3.41 1957   0.09  -0.09      T
  MONTH TO DATE    0.97                      1.88  -0.91     0.99
  SINCE MAR 1      7.18                      4.66   2.52     4.32
  SINCE JAN 1      8.50                      9.17  -0.67    11.63

SNOWFALL (IN)
  TODAY            0.0
  MONTH TO DATE    0.0
  SINCE MAR 1      0.0
  SINCE JUL 1      1.3
  SNOW DEPTH       0

DEGREE DAYS
 HEATING
  TODAY            4                         1      3        0
  MONTH TO DATE   72                        60     12       13
  SINCE MAR 1    179                       282   -103       86
  SINCE JUL 1   1705                      1897   -192      960

 COOLING
  TODAY            0                         6     -6       12
  MONTH TO DATE   68                       106    -38      157
  SINCE MAR 1    176                       148     28      310
  SINCE JAN 1    218                       164     54      419
..................................................................


WIND (MPH)
  HIGHEST WIND SPEED    12   HIGHEST WIND DIRECTION     N (20)
  HIGHEST GUST SPEED    15   HIGHEST GUST DIRECTION     N (360)
  AVERAGE WIND SPEED     5.0


SKY COVER
  AVERAGE SKY COVER 0.3


WEATHER CONDITIONS
 THE FOLLOWING WEATHER WAS RECORDED TODAY.
  FOG


RELATIVE HUMIDITY (PERCENT)
 HIGHEST   100           600 AM
 LOWEST     33           300 PM
 AVERAGE    67

..........................................................


THE AUSTIN BERGSTROM CLIMATE NORMALS FOR TOMORROW
                         NORMAL    RECORD    YEAR
 MAXIMUM TEMPERATURE (F)   83        94      1961
 MINIMUM TEMPERATURE (F)   58        45      2005
                                             2001


SUNRISE AND SUNSET
APRIL 26 2018.........SUNRISE   652 AM CDT   SUNSET   805 PM CDT
APRIL 27 2018.........SUNRISE   651 AM CDT   SUNSET   806 PM CDT


-  INDICATES NEGATIVE NUMBERS.
R  INDICATES RECORD WAS SET OR TIED.
MM INDICATES DATA IS MISSING.
T  INDICATES TRACE AMOUNT.




$$
