000
CDUS41 KBOX 220527
CLIBDL


CLIMATE REPORT
NATIONAL WEATHER SERVICE BOSTON/NORTON MA
126 AM EDT SUN APR 22 2018


...................................

...THE HARTFORD CT CLIMATE SUMMARY FOR APRIL 21 2018...

CLIMATE NORMAL PERIOD 1981 TO 2010
CLIMATE RECORD PERIOD 1904 TO 2018


WEATHER ITEM   OBSERVED TIME   RECORD YEAR NORMAL DEPARTURE LAST
                VALUE   (LST)  VALUE       VALUE  FROM      YEAR
                                                  NORMAL
..................................................................
TEMPERATURE (F)
 YESTERDAY
  MAXIMUM         61    220 PM  87    1923  63     -2       52
  MINIMUM         32    523 AM  27    1961  40     -8       46
  AVERAGE         47                        52     -5       49

PRECIPITATION (IN)
  YESTERDAY        0.00          2.08 1991   0.12  -0.12     0.32
  MONTH TO DATE    3.97                      2.60   1.37     2.87
  SINCE MAR 1      6.62                      6.22   0.40     6.80
  SINCE JAN 1     15.61                     12.34   3.27    12.78

SNOWFALL (IN)
  YESTERDAY        0.0           0.6  1947   0.0    0.0      0.0
  MONTH TO DATE    7.6                       1.3    6.3      0.5
  SINCE MAR 1     24.2                       7.7   16.5     19.6
  SINCE JUL 1     56.0                      40.4   15.6     62.3
  SNOW DEPTH       0

DEGREE DAYS
 HEATING
  YESTERDAY       18                        14      4       16
  MONTH TO DATE  506                       366    140      293
  SINCE MAR 1   1358                      1209    149     1270
  SINCE JUL 1   5554                      5647    -93     5163

 COOLING
  YESTERDAY        0                         0      0        0
  MONTH TO DATE    0                         0      0        9
  SINCE MAR 1      0                         0      0        9
  SINCE JAN 1      0                         0      0        9
..................................................................


WIND (MPH)
  RESULTANT WIND SPEED   9   RESULTANT WIND DIRECTION  NW (300)
  HIGHEST WIND SPEED    23   HIGHEST WIND DIRECTION    NW (310)
  HIGHEST GUST SPEED    32   HIGHEST GUST DIRECTION    NW (320)
  AVERAGE WIND SPEED     9.4


SKY COVER
  POSSIBLE SUNSHINE  MM
  AVERAGE SKY COVER 0.1


WEATHER CONDITIONS
 THE FOLLOWING WEATHER WAS RECORDED YESTERDAY.
  NO SIGNIFICANT WEATHER WAS OBSERVED.


RELATIVE HUMIDITY (PERCENT)
 HIGHEST    72           500 AM
 LOWEST     20           200 PM
 AVERAGE    46

..........................................................


THE HARTFORD CT CLIMATE NORMALS FOR TODAY
                         NORMAL    RECORD    YEAR
 MAXIMUM TEMPERATURE (F)   63        90      1977
                                             1973
 MINIMUM TEMPERATURE (F)   41        28      2011
                                             1984
                                             1947


SUNRISE AND SUNSET
APRIL 22 2018.........SUNRISE   600 AM EDT   SUNSET   740 PM EDT
APRIL 23 2018.........SUNRISE   558 AM EDT   SUNSET   741 PM EDT


-  INDICATES NEGATIVE NUMBERS.
R  INDICATES RECORD WAS SET OR TIED.
MM INDICATES DATA IS MISSING.
T  INDICATES TRACE AMOUNT.




$$
