000
CDUS41 KCTP 220619
CLIBFD


CLIMATE REPORT
NATIONAL WEATHER SERVICE STATE COLLEGE PA
219 AM EDT SUN APR 22 2018


...................................

...THE BRADFORD CLIMATE SUMMARY FOR APRIL 21 2018...

CLIMATE NORMAL PERIOD 1981 TO 2010
CLIMATE RECORD PERIOD 1957 TO 2018


WEATHER ITEM   OBSERVED TIME   RECORD YEAR NORMAL DEPARTURE LAST
                VALUE   (LST)  VALUE       VALUE  FROM      YEAR
                                                  NORMAL
..................................................................
TEMPERATURE (F)
 YESTERDAY
  MAXIMUM         54    355 PM  82    1987  58     -4       61
  MINIMUM         23    435 AM  13    1981  34    -11       43
  AVERAGE         39                        46     -7       52

PRECIPITATION (IN)
  YESTERDAY        0.00          1.16 1964   0.11  -0.11     0.07
  MONTH TO DATE    2.79                      2.50   0.29     4.14
  SINCE MAR 1      5.17                      5.87  -0.70     7.88
  SINCE JAN 1     12.18                     11.51   0.67    14.96

DEGREE DAYS
 HEATING
  YESTERDAY       26                        14     12       13
  MONTH TO DATE  622                       374    248      332
  SINCE MAR 1   1757                      1411    346     1399
  SINCE JUL 1   6853                      6981   -128     5982

 COOLING
  YESTERDAY        0                         0      0        0
  MONTH TO DATE    0                         0      0        1
  SINCE MAR 1      0                         0      0        1
  SINCE JAN 1      0                         0      0        1
..................................................................


WIND (MPH)
  HIGHEST WIND SPEED    14   HIGHEST WIND DIRECTION     N (340)
  HIGHEST GUST SPEED    17   HIGHEST GUST DIRECTION     N (340)
  AVERAGE WIND SPEED     4.2


SKY COVER
  POSSIBLE SUNSHINE  MM
  AVERAGE SKY COVER 0.0


WEATHER CONDITIONS
 THE FOLLOWING WEATHER WAS RECORDED YESTERDAY.
  FOG


RELATIVE HUMIDITY (PERCENT)
 HIGHEST    88           400 AM
 LOWEST     24           200 PM
 AVERAGE    56

..........................................................


THE BRADFORD CLIMATE NORMALS FOR TODAY
                         NORMAL    RECORD    YEAR
 MAXIMUM TEMPERATURE (F)   58        81      1985
 MINIMUM TEMPERATURE (F)   34        20      1975


SUNRISE AND SUNSET
APRIL 22 2018.........SUNRISE   624 AM EDT   SUNSET   803 PM EDT
APRIL 23 2018.........SUNRISE   622 AM EDT   SUNSET   804 PM EDT


-  INDICATES NEGATIVE NUMBERS.
R  INDICATES RECORD WAS SET OR TIED.
MM INDICATES DATA IS MISSING.
T  INDICATES TRACE AMOUNT.




$$
