000
CDUS44 KAMA 262131
CLIBGD


CLIMATE REPORT
NATIONAL WEATHER SERVICE AMARILLO TX
431 PM CDT SAT MAY 26 2018


...................................

...THE BORGER CLIMATE SUMMARY FOR MAY 26 2018...
VALID TODAY AS OF 0400 PM LOCAL TIME.

CLIMATE NORMAL PERIOD 1981 TO 2010
CLIMATE RECORD PERIOD 1949 TO 2018


WEATHER ITEM   OBSERVED TIME   RECORD YEAR NORMAL DEPARTURE LAST
                VALUE   (LST)  VALUE       VALUE  FROM      YEAR
                                                  NORMAL
..................................................................
TEMPERATURE (F)
 TODAY
  MAXIMUM         98    253 PM 101    1953  84     14       88
  MINIMUM         63    617 AM  40    1950  59      4       57
  AVERAGE         81                        71     10       73

PRECIPITATION (IN)
  TODAY            0.00          1.53 1987   0.12  -0.12     0.00
  MONTH TO DATE    2.32                      2.22   0.10     1.15
  SINCE MAR 1      3.39                      5.17  -1.78     7.66
  SINCE JAN 1      3.40                      6.38  -2.98    11.14

SNOWFALL (IN)
  TODAY            0.0           T    1982                   0.0
  MONTH TO DATE    0.0                                       0.0
  SINCE MAR 1      0.0                                       1.1
  SINCE JUL 1      2.0                                       4.7
  SNOW DEPTH       0

DEGREE DAYS
 HEATING
  TODAY            0                         1     -1        0
  MONTH TO DATE    3                        59    -56       67
  SINCE MAR 1    609                       769   -160      574
  SINCE JUL 1   3270                      3762   -492     2909

 COOLING
  TODAY           16                         7      9        8
  MONTH TO DATE  292                       116    176       98
  SINCE MAR 1    349                       160    189      199
  SINCE JAN 1    349                       160    189      213
..................................................................


WIND (MPH)
  RESULTANT WIND SPEED   3   RESULTANT WIND DIRECTION  SE (130)
  HIGHEST WIND SPEED    15   HIGHEST WIND DIRECTION     S (160)
  HIGHEST GUST SPEED    19   HIGHEST GUST DIRECTION     S (160)
  AVERAGE WIND SPEED     4.7


SKY COVER
  AVERAGE SKY COVER 0.0


WEATHER CONDITIONS
 THE FOLLOWING WEATHER WAS RECORDED TODAY.
  NO SIGNIFICANT WEATHER WAS OBSERVED.


RELATIVE HUMIDITY (PERCENT)
 HIGHEST    84           500 AM
 LOWEST     16           200 PM
 AVERAGE    50

..........................................................


THE BORGER CLIMATE NORMALS FOR TOMORROW
                         NORMAL    RECORD    YEAR
 MAXIMUM TEMPERATURE (F)   84       100      2013
                                             2006
 MINIMUM TEMPERATURE (F)   59        41      1950


SUNRISE AND SUNSET
MAY 26 2018...........SUNRISE   633 AM CDT   SUNSET   852 PM CDT
MAY 27 2018...........SUNRISE   633 AM CDT   SUNSET   853 PM CDT


-  INDICATES NEGATIVE NUMBERS.
R  INDICATES RECORD WAS SET OR TIED.
MM INDICATES DATA IS MISSING.
T  INDICATES TRACE AMOUNT.




$$
