000
CDUS43 KBIS 210719
CLIBIS


CLIMATE REPORT
NATIONAL WEATHER SERVICE BISMARCK ND
219 AM CDT SAT APR 21 2018


...................................

...THE BISMARCK ND CLIMATE SUMMARY FOR APRIL 20 2018...

CLIMATE NORMAL PERIOD 1981 TO 2010
CLIMATE RECORD PERIOD 1875 TO 2018


WEATHER ITEM   OBSERVED TIME   RECORD YEAR NORMAL DEPARTURE LAST
                VALUE   (LST)  VALUE       VALUE  FROM      YEAR
                                                  NORMAL
..................................................................
TEMPERATURE (F)
 YESTERDAY
  MAXIMUM         63    355 PM  90    1900  60      3       57
  MINIMUM         28    457 AM  15    2013  32     -4       36
  AVERAGE         46                        46      0       47

PRECIPITATION (IN)
  YESTERDAY        0.00          1.00 1921   0.04  -0.04     0.02
  MONTH TO DATE    0.27                      0.75  -0.48     0.83
  SINCE MAR 1      1.84                      1.62   0.22     1.35
  SINCE JAN 1      2.59                      2.56   0.03     2.75

SNOWFALL (IN)
  YESTERDAY        0.0           4.6  1899   0.1   -0.1      0.0
  MONTH TO DATE    5.3                       3.4    1.9      0.0
  SINCE MAR 1     26.3                      12.5   13.8      8.7
  SINCE JUL 1     44.1                      50.0   -5.9     71.6
  SNOW DEPTH       0

DEGREE DAYS
 HEATING
  YESTERDAY       19                        19      0       18
  MONTH TO DATE  726                       467    259      357
  SINCE MAR 1   1913                      1555    358     1400
  SINCE JUL 1   8229                      7986    243     7402

 COOLING
  YESTERDAY        0                         0      0        0
  MONTH TO DATE    0                         0      0        0
  SINCE MAR 1      0                         0      0        0
  SINCE JAN 1      0                         0      0        0
..................................................................


WIND (MPH)
  HIGHEST WIND SPEED    25   HIGHEST WIND DIRECTION    SE (150)
  HIGHEST GUST SPEED    30   HIGHEST GUST DIRECTION    SE (150)
  AVERAGE WIND SPEED    11.1


SKY COVER
  POSSIBLE SUNSHINE  MM
  AVERAGE SKY COVER 0.0


WEATHER CONDITIONS
 THE FOLLOWING WEATHER WAS RECORDED YESTERDAY.
  NO SIGNIFICANT WEATHER WAS OBSERVED.


RELATIVE HUMIDITY (PERCENT)
 HIGHEST    92           200 AM
 LOWEST     25           300 PM
 AVERAGE    59

..........................................................


THE BISMARCK ND CLIMATE NORMALS FOR TODAY
                         NORMAL    RECORD    YEAR
 MAXIMUM TEMPERATURE (F)   60        93      1980
 MINIMUM TEMPERATURE (F)   33        18      1936


SUNRISE AND SUNSET
APRIL 21 2018.........SUNRISE   645 AM CDT   SUNSET   840 PM CDT
APRIL 22 2018.........SUNRISE   643 AM CDT   SUNSET   841 PM CDT


-  INDICATES NEGATIVE NUMBERS.
R  INDICATES RECORD WAS SET OR TIED.
MM INDICATES DATA IS MISSING.
T  INDICATES TRACE AMOUNT.




$$
