000
CDUS46 KBOI 200933
CLIBKE


CLIMATE REPORT
NATIONAL WEATHER SERVICE BOISE ID
333 AM MDT FRI APR 20 2018


...................................

...THE BAKER OR CLIMATE SUMMARY FOR APRIL 19 2018...

CLIMATE NORMAL PERIOD 1981 TO 2010
CLIMATE RECORD PERIOD 1928 TO 2018


WEATHER ITEM   OBSERVED TIME   RECORD YEAR NORMAL DEPARTURE LAST
                VALUE   (LST)  VALUE       VALUE  FROM      YEAR
                                                  NORMAL
..................................................................
TEMPERATURE (F)
 YESTERDAY
  MAXIMUM         65    154 PM  81    1934  59      6       61
  MINIMUM         38    506 AM  17    2011  29      9       21
  AVERAGE         52                        44      8       41

PRECIPITATION (IN)
  YESTERDAY        0.00          0.58 1929   0.03  -0.03     0.00
  MONTH TO DATE    0.61                      0.49   0.12     0.43
  SINCE OCT 1      3.97                      5.20  -1.23     5.77
  SINCE JAN 1      2.71                      2.69   0.02     3.03

DEGREE DAYS
 HEATING
  YESTERDAY       13                        21     -8       24
  MONTH TO DATE  383                       430    -47      448
  SINCE MAR 1   1164                      1278   -114     1180
  SINCE JUL 1   5923                      6798   -875     7008

 COOLING
  YESTERDAY        0                         0      0        0
  MONTH TO DATE    0                         0      0        0
  SINCE MAR 1      0                         0      0        0
  SINCE JAN 1      0                         0      0        0
..................................................................


WIND (MPH)
  RESULTANT WIND SPEED  13   RESULTANT WIND DIRECTION  NW (310)
  HIGHEST WIND SPEED    29   HIGHEST WIND DIRECTION    NW (300)
  HIGHEST GUST SPEED    36   HIGHEST GUST DIRECTION    NW (310)
  AVERAGE WIND SPEED    14.1


SKY COVER
  AVERAGE SKY COVER 0.2


WEATHER CONDITIONS
 THE FOLLOWING WEATHER WAS RECORDED YESTERDAY.
  NO SIGNIFICANT WEATHER WAS OBSERVED.


RELATIVE HUMIDITY (PERCENT)
 HIGHEST    73           100 AM
 LOWEST     24           100 PM
 AVERAGE    49

..........................................................


THE BAKER OR CLIMATE NORMALS FOR TODAY
                         NORMAL    RECORD    YEAR
 MAXIMUM TEMPERATURE (F)   59        82      1994
                                             1934
 MINIMUM TEMPERATURE (F)   30        17      2007


SUNRISE AND SUNSET
APRIL 20 2018.........SUNRISE   558 AM PDT   SUNSET   743 PM PDT
APRIL 21 2018.........SUNRISE   556 AM PDT   SUNSET   744 PM PDT


-  INDICATES NEGATIVE NUMBERS.
R  INDICATES RECORD WAS SET OR TIED.
MM INDICATES DATA IS MISSING.
T  INDICATES TRACE AMOUNT.




$$
