000
CDUS41 KRNK 212112
CLIBLF


CLIMATE REPORT
NATIONAL WEATHER SERVICE BLACKSBURG VA
511 PM EDT SAT APR 21 2018


...................................

...THE BLUEFIELD WV CLIMATE SUMMARY FOR APRIL 21 2018...
VALID TODAY AS OF 0500 PM LOCAL TIME.

CLIMATE NORMAL PERIOD 1981 TO 2010
CLIMATE RECORD PERIOD 1959 TO 2018


WEATHER ITEM   OBSERVED TIME   RECORD YEAR NORMAL DEPARTURE LAST
                VALUE   (LST)  VALUE       VALUE  FROM      YEAR
                                                  NORMAL
..................................................................
TEMPERATURE (F)
 TODAY
  MAXIMUM         64    402 PM  83    1985  67     -3       71
  MINIMUM         35    434 AM  30    1993  47    -12       58
  AVERAGE         50                        57     -7       65

PRECIPITATION (IN)
  TODAY            0.00          1.11 1992   0.12  -0.12     0.17
  MONTH TO DATE    2.91                      2.28   0.63     2.05
  SINCE MAR 1      7.60                      5.79   1.81     5.67
  SINCE JAN 1     14.28                     11.45   2.83    11.48

SNOWFALL (IN)
  TODAY            0.0                                       0.0
  MONTH TO DATE    1.5                                       0.1
  SINCE MAR 1     33.8                                       3.3
  SINCE JUL 1     48.5                                      20.5
  SNOW DEPTH       0

DEGREE DAYS
 HEATING
  TODAY           15                         9      6        0
  MONTH TO DATE  379                       250    129      171
  SINCE MAR 1   1232                       866    366      877
  SINCE JUL 1   4962                      4359    603     4009

 COOLING
  TODAY            0                         1     -1        0
  MONTH TO DATE    4                        19    -15        2
  SINCE MAR 1      4                        23    -19        2
  SINCE JAN 1      6                        23    -17        2
..................................................................


WIND (MPH)
  HIGHEST WIND SPEED    14   HIGHEST WIND DIRECTION    SE (150)
  HIGHEST GUST SPEED    20   HIGHEST GUST DIRECTION    SE (150)
  AVERAGE WIND SPEED     4.1


SKY COVER
  AVERAGE SKY COVER 0.0


WEATHER CONDITIONS
 THE FOLLOWING WEATHER WAS RECORDED TODAY.
  NO SIGNIFICANT WEATHER WAS OBSERVED.


RELATIVE HUMIDITY (PERCENT)
 HIGHEST    40           400 AM
 LOWEST     19           200 PM
 AVERAGE    30

..........................................................


THE BLUEFIELD WV CLIMATE NORMALS FOR TOMORROW
                         NORMAL    RECORD    YEAR
 MAXIMUM TEMPERATURE (F)   67        83      1987
 MINIMUM TEMPERATURE (F)   47        26      1986


SUNRISE AND SUNSET
APRIL 21 2018.........SUNRISE   642 AM EDT   SUNSET   805 PM EDT
APRIL 22 2018.........SUNRISE   641 AM EDT   SUNSET   806 PM EDT


-  INDICATES NEGATIVE NUMBERS.
R  INDICATES RECORD WAS SET OR TIED.
MM INDICATES DATA IS MISSING.
T  INDICATES TRACE AMOUNT.




$$
