000
CDUS43 KDVN 252121
CLIBRL


CLIMATE REPORT
NATIONAL WEATHER SERVICE QUAD CITIES IA IL
420 PM CDT WED APR 25 2018


...................................

...THE BURLINGTON IA CLIMATE SUMMARY FOR APRIL 25 2018...
VALID TODAY AS OF 0400 PM LOCAL TIME.

CLIMATE NORMAL PERIOD 1981 TO 2010
CLIMATE RECORD PERIOD 1897 TO 2018


WEATHER ITEM   OBSERVED TIME   RECORD YEAR NORMAL DEPARTURE LAST
                VALUE   (LST)  VALUE       VALUE  FROM      YEAR
                                                  NORMAL
..................................................................
TEMPERATURE (F)
 TODAY
  MAXIMUM         62    259 PM  92    1986  68     -6       78
  MINIMUM         49    644 AM  29    1910  46      3       54
  AVERAGE         56                        57     -1       66

PRECIPITATION (IN)
  TODAY            0.00         MM      MM   0.14  -0.14     0.00
  MONTH TO DATE    0.59                      3.00  -2.41     3.08
  SINCE MAR 1      3.49                      5.79  -2.30     6.06
  SINCE JAN 1      7.58                      8.65  -1.07     7.92

DEGREE DAYS
 HEATING
  TODAY            9                         9      0        0
  MONTH TO DATE  564                       317    247      208
  SINCE MAR 1   1384                      1045    339      899
  SINCE JUL 1   5877                      5423    454     4593

 COOLING
  TODAY            0                         1     -1        1
  MONTH TO DATE    0                        15    -15       20
  SINCE MAR 1      0                        17    -17       20
  SINCE JAN 1      0                        17    -17       20
..................................................................


WIND (MPH)
  HIGHEST WIND SPEED    20   HIGHEST WIND DIRECTION    NE (50)
  HIGHEST GUST SPEED    26   HIGHEST GUST DIRECTION    NE (40)
  AVERAGE WIND SPEED    11.7


SKY COVER
  POSSIBLE SUNSHINE  MM
  AVERAGE SKY COVER 0.0


WEATHER CONDITIONS
 THE FOLLOWING WEATHER WAS RECORDED TODAY.
  NO SIGNIFICANT WEATHER WAS OBSERVED.


RELATIVE HUMIDITY (PERCENT)
 HIGHEST    66           600 AM
 LOWEST     36           300 PM
 AVERAGE    51

..........................................................


THE BURLINGTON IA CLIMATE NORMALS FOR TOMORROW
                         NORMAL    RECORD    YEAR
 MAXIMUM TEMPERATURE (F)   68        92      1986
 MINIMUM TEMPERATURE (F)   46        31      1976
                                             1950


SUNRISE AND SUNSET
APRIL 25 2018.........SUNRISE   611 AM CDT   SUNSET   755 PM CDT
APRIL 26 2018.........SUNRISE   610 AM CDT   SUNSET   756 PM CDT


-  INDICATES NEGATIVE NUMBERS.
R  INDICATES RECORD WAS SET OR TIED.
MM INDICATES DATA IS MISSING.
T  INDICATES TRACE AMOUNT.




$$
