000
CDUS45 KTFX 220727
CLIBZN


CLIMATE REPORT
NATIONAL WEATHER SERVICE GREAT FALLS MT
126 AM MDT TUE MAY 22 2018


...................................

...THE BOZEMAN/GALLATIN FIELD MT CLIMATE SUMMARY FOR MAY 21 2018...

CLIMATE NORMAL PERIOD 1981 TO 2010
CLIMATE RECORD PERIOD 1935 TO 2018


WEATHER ITEM   OBSERVED TIME   RECORD YEAR NORMAL DEPARTURE LAST
                VALUE   (LST)  VALUE       VALUE  FROM      YEAR
                                                  NORMAL
..................................................................
TEMPERATURE (F)
 YESTERDAY
  MAXIMUM         73    215 PM  88    1980  70      3       67
  MINIMUM         44    525 AM  22    2001  41      3       34
  AVERAGE         59                        55      4       51

PRECIPITATION (IN)
  YESTERDAY        0.14          1.58 1952   0.08   0.06     0.00
  MONTH TO DATE    1.09                      1.52  -0.43     1.67
  SINCE OCT 1      9.97                      7.35   2.62     8.83
  SINCE JAN 1      6.99                      4.97   2.02     5.50

SNOWFALL (IN)
  YESTERDAY        0.0           2.0  1957   0.1   -0.1      0.0
  MONTH TO DATE    0.0                       2.0   -2.0      1.0
  SINCE MAR 1     15.3                      17.2   -1.9      5.3
  SINCE JUL 1     67.6                      39.5   28.1     44.5
  SNOW DEPTH       0

DEGREE DAYS
 HEATING
  YESTERDAY        6                        10     -4       14
  MONTH TO DATE  242                       268    -26      310
  SINCE MAR 1   2012                      1749    263     1678
  SINCE JUL 1   8332                      7329   1003     7871

 COOLING
  YESTERDAY        0                         0      0        0
  MONTH TO DATE    0                         0      0        0
  SINCE MAR 1      0                         0      0        0
  SINCE JAN 1      0                         0      0        0
..................................................................


WIND (MPH)
  HIGHEST WIND SPEED    23   HIGHEST WIND DIRECTION    SW (240)
  HIGHEST GUST SPEED    28   HIGHEST GUST DIRECTION    SW (230)
  AVERAGE WIND SPEED     5.3


SKY COVER
  AVERAGE SKY COVER 0.3


WEATHER CONDITIONS
 THE FOLLOWING WEATHER WAS RECORDED YESTERDAY.
  THUNDERSTORM
  HEAVY RAIN
  RAIN
  LIGHT RAIN
  FOG


RELATIVE HUMIDITY (PERCENT)
 HIGHEST    93
 LOWEST     38
 AVERAGE    66

..........................................................


THE BOZEMAN/GALLATIN FIELD MT CLIMATE NORMALS FOR TODAY
                         NORMAL    RECORD    YEAR
 MAXIMUM TEMPERATURE (F)   70        87      1980
 MINIMUM TEMPERATURE (F)   41        27      1984


SUNRISE AND SUNSET
MAY 22 2018...........SUNRISE   546 AM MDT   SUNSET   857 PM MDT
MAY 23 2018...........SUNRISE   545 AM MDT   SUNSET   859 PM MDT


-  INDICATES NEGATIVE NUMBERS.
R  INDICATES RECORD WAS SET OR TIED.
MM INDICATES DATA IS MISSING.
T  INDICATES TRACE AMOUNT.




$$
