000
CDAK48 PAFC 251252
CLICDB


CLIMATE REPORT
NATIONAL WEATHER SERVICE ANCHORAGE, AK
451 AM AKDT WED APR 25 2018


...................................

...THE COLD BAY CLIMATE SUMMARY FOR APRIL 24 2018...

CLIMATE NORMAL PERIOD 1981 TO 2010
CLIMATE RECORD PERIOD 1942 TO 2018


WEATHER ITEM   OBSERVED TIME   RECORD YEAR NORMAL DEPARTURE LAST
                VALUE   (LST)  VALUE       VALUE  FROM      YEAR
                                                  NORMAL
..................................................................
TEMPERATURE (F)
 YESTERDAY
  MAXIMUM         51    413 PM  54    2013  41     10       46
  MINIMUM         35    413 AM  14    1976  31      4       36
  AVERAGE         43                        36      7       41

PRECIPITATION (IN)
  YESTERDAY        T             0.66 1963   0.08  -0.08     0.02
  MONTH TO DATE    3.07                      1.96   1.11     0.93
  SINCE MAR 1      5.69                      4.66   1.03     0.97
  SINCE JAN 1     11.54                     10.80   0.74     7.95

SNOWFALL (IN)
  YESTERDAY        0.0           3.0  2011   0.1   -0.1      0.0
  MONTH TO DATE    T                         5.8   -5.8      2.6
  SINCE MAR 1      6.2                      18.8  -12.6      2.9
  SINCE JUL 1     41.4                      71.0  -29.6     39.5
  SNOW DEPTH       0

DEGREE DAYS
 HEATING
  YESTERDAY       22                        29     -7       24
  MONTH TO DATE  656                       759   -103      716
  SINCE MAR 1   1580                      1841   -261     1912
  SINCE JUL 1   7123                      8059   -936     7472

 COOLING
  YESTERDAY        0                         0      0        0
  MONTH TO DATE    0                         0      0        0
  SINCE MAR 1      0                         0      0        0
  SINCE JAN 1      0                         0      0        0
..................................................................


WIND (MPH)
  RESULTANT WIND SPEED  22   RESULTANT WIND DIRECTION   S (200)
  HIGHEST WIND SPEED    40   HIGHEST WIND DIRECTION     S (200)
  HIGHEST GUST SPEED    51   HIGHEST GUST DIRECTION    SW (210)
  AVERAGE WIND SPEED    23.9



WEATHER CONDITIONS
 THE FOLLOWING WEATHER WAS RECORDED YESTERDAY.
  LIGHT RAIN


RELATIVE HUMIDITY (PERCENT)
 HIGHEST    92
 LOWEST     52
 AVERAGE    72

..........................................................


THE COLD BAY CLIMATE NORMALS FOR TODAY
                         NORMAL    RECORD    YEAR
 MAXIMUM TEMPERATURE (F)   41        56      1948
 MINIMUM TEMPERATURE (F)   31        15      1976


SUNRISE AND SUNSET
APRIL 25 2018.........SUNRISE   723 AM AKDT  SUNSET  1016 PM AKDT
APRIL 26 2018.........SUNRISE   721 AM AKDT  SUNSET  1018 PM AKDT


-  INDICATES NEGATIVE NUMBERS.
R  INDICATES RECORD WAS SET OR TIED.
MM INDICATES DATA IS MISSING.
T  INDICATES TRACE AMOUNT.




$$
