000
CDUS44 KLUB 260630
CLICDS


CLIMATE REPORT
NATIONAL WEATHER SERVICE LUBBOCK, TX
129 AM CDT THU APR 26 2018


...................................

...THE CHILDRESS CLIMATE SUMMARY FOR APRIL 25 2018...

CLIMATE NORMAL PERIOD 1981 TO 2010
CLIMATE RECORD PERIOD 1893 TO 2018


WEATHER ITEM   OBSERVED TIME   RECORD YEAR NORMAL DEPARTURE LAST
                VALUE   (LST)  VALUE       VALUE  FROM      YEAR
                                                  NORMAL
..................................................................
TEMPERATURE (F)
 YESTERDAY
  MAXIMUM         68    406 PM 106    2012  79    -11       85
  MINIMUM         43    905 AM  37    2013  51     -8       58
  AVERAGE         56                        65     -9       72

PRECIPITATION (IN)
  YESTERDAY        0.07          2.28 1997   0.08  -0.01     0.00
  MONTH TO DATE    0.10                      1.68  -1.58     1.86
  SINCE MAR 1      0.67                      3.21  -2.54     3.35
  SINCE JAN 1      0.92                      4.99  -4.07     7.57

SNOWFALL (IN)
  YESTERDAY        0.0                       0.0    0.0      0.0
  MONTH TO DATE    T                         0.2   -0.2      0.0
  SINCE MAR 1      T                         0.6   -0.6      0.0
  SINCE JUL 1      1.0                       7.0   -6.0      1.5
  SNOW DEPTH       0

DEGREE DAYS
 HEATING
  YESTERDAY        9                         3      6        0
  MONTH TO DATE  219                       139     80       96
  SINCE MAR 1    481                       514    -33      319
  SINCE JUL 1   2922                      3074   -152     2267

 COOLING
  YESTERDAY        0                         3     -3        7
  MONTH TO DATE   49                        53     -4       75
  SINCE MAR 1     78                        71      7      133
  SINCE JAN 1     89                        72     17      148
..................................................................


WIND (MPH)
  RESULTANT WIND SPEED  15   RESULTANT WIND DIRECTION   N (10)
  HIGHEST WIND SPEED    33   HIGHEST WIND DIRECTION     N (360)
  HIGHEST GUST SPEED    41   HIGHEST GUST DIRECTION     N (360)
  AVERAGE WIND SPEED    15.9


SKY COVER
  AVERAGE SKY COVER 0.5


WEATHER CONDITIONS
 THE FOLLOWING WEATHER WAS RECORDED YESTERDAY.
  THUNDERSTORM
  LIGHT RAIN
  FOG


RELATIVE HUMIDITY (PERCENT)
 HIGHEST   100           900 AM
 LOWEST     32           400 PM
 AVERAGE    66

..........................................................


THE CHILDRESS CLIMATE NORMALS FOR TODAY
                         NORMAL    RECORD    YEAR
 MAXIMUM TEMPERATURE (F)   79       101      1959
 MINIMUM TEMPERATURE (F)   52        33      1907


SUNRISE AND SUNSET
APRIL 26 2018.........SUNRISE   657 AM CDT   SUNSET   822 PM CDT
APRIL 27 2018.........SUNRISE   655 AM CDT   SUNSET   823 PM CDT


-  INDICATES NEGATIVE NUMBERS.
R  INDICATES RECORD WAS SET OR TIED.
MM INDICATES DATA IS MISSING.
T  INDICATES TRACE AMOUNT.




$$
