000
CDUS44 KHGX 280737
CLICLL


CLIMATE REPORT
NATIONAL WEATHER SERVICE HOUSTON/GALVESTON TX
218 AM CDT MON MAY 28 2018


...................................

...THE COLLEGE STATION CLIMATE SUMMARY FOR MAY 27 2018...

CLIMATE NORMAL PERIOD 1981 TO 2010
CLIMATE RECORD PERIOD 1902 TO 2018


WEATHER ITEM   OBSERVED TIME   RECORD YEAR NORMAL DEPARTURE LAST
                VALUE   (LST)  VALUE       VALUE  FROM      YEAR
                                                  NORMAL
..................................................................
TEMPERATURE (F)
 YESTERDAY
  MAXIMUM         95    445 PM 101    1906  88      7       93
  MINIMUM         73    519 AM  54    1934  69      4       77
  AVERAGE         84                        79      5       85

PRECIPITATION (IN)
  YESTERDAY        0.00          2.84 2014   0.15  -0.15     0.00
  MONTH TO DATE    2.08                      3.75  -1.67     4.65
  SINCE MAR 1      9.72                      9.58   0.14     9.33
  SINCE JAN 1     12.64                     15.67  -3.03    16.33

SNOWFALL (IN)
  YESTERDAY        0.0
  MONTH TO DATE    0.0
  SINCE JUL 1      5.0

DEGREE DAYS
 HEATING
  YESTERDAY        0                         0      0        0
  MONTH TO DATE    0                         0      0        0
  SINCE MAR 1    154                       219    -65       78
  SINCE JUL 1   1521                      1606    -85      847

 COOLING
  YESTERDAY       19                        14      5       20
  MONTH TO DATE  366                       293     73      252
  SINCE MAR 1    552                       504     48      573
  SINCE JAN 1    598                       532     66      704
..................................................................


WIND (MPH)
  HIGHEST WIND SPEED    14   HIGHEST WIND DIRECTION     E (110)
  HIGHEST GUST SPEED    17   HIGHEST GUST DIRECTION     E (110)
  AVERAGE WIND SPEED     5.1


SKY COVER
  AVERAGE SKY COVER 0.3


WEATHER CONDITIONS
 THE FOLLOWING WEATHER WAS RECORDED YESTERDAY.
  NO SIGNIFICANT WEATHER WAS OBSERVED.


RELATIVE HUMIDITY (PERCENT)
 HIGHEST    93           300 AM
 LOWEST     44           400 PM
 AVERAGE    69

..........................................................


THE COLLEGE STATION CLIMATE NORMALS FOR TODAY
                         NORMAL    RECORD    YEAR
 MAXIMUM TEMPERATURE (F)   89       100      1906
 MINIMUM TEMPERATURE (F)   70        53      1961


SUNRISE AND SUNSET
MAY 28 2018...........SUNRISE   625 AM CDT   SUNSET   821 PM CDT
MAY 29 2018...........SUNRISE   624 AM CDT   SUNSET   822 PM CDT


-  INDICATES NEGATIVE NUMBERS.
R  INDICATES RECORD WAS SET OR TIED.
MM INDICATES DATA IS MISSING.
T  INDICATES TRACE AMOUNT.




$$
