000
CDUS42 KGSP 242056
CLICLT

CLIMATE REPORT
NATIONAL WEATHER SERVICE GREENVILLE-SPARTANBURG SC
456 PM EDT TUE APR 24 2018


...................................

...THE CHARLOTTE NC CLIMATE SUMMARY FOR APRIL 24 2018...
VALID TODAY AS OF 0455 PM LOCAL TIME.

CLIMATE NORMAL PERIOD 1981 TO 2010
CLIMATE RECORD PERIOD 1878 TO 2018


WEATHER ITEM   OBSERVED TIME   RECORD YEAR NORMAL DEPARTURE LAST
                VALUE   (LST)  VALUE       VALUE  FROM      YEAR
                                                  NORMAL
..................................................................
TEMPERATURE (F)
 TODAY
  MAXIMUM         72    223 PM  96    1925  74     -2       56
  MINIMUM         57    233 AM  36    1893  49      8       51
  AVERAGE         65                        62      3       54

PRECIPITATION (IN)
  TODAY            0.62          2.33 1937   0.10   0.52     1.22
  MONTH TO DATE    4.24                      2.46   1.78     5.52
  SINCE MAR 1      8.45                      6.47   1.98     8.23
  SINCE JAN 1     14.05                     13.20   0.85    15.14

SNOWFALL (IN)
  TODAY            0.0           0.0    MM   0.0    0.0      0.0
  MONTH TO DATE    T                         0.1   -0.1      0.0
  SINCE MAR 1      0.2                       0.7   -0.5      1.1
  SINCE JUL 1      4.2                       4.4   -0.2      2.2
  SNOW DEPTH       0

DEGREE DAYS
 HEATING
  TODAY            0                         5     -5       11
  MONTH TO DATE  173                       174     -1       83
  SINCE MAR 1    659                       607     52      466
  SINCE JUL 1   2951                      3306   -355     2364

 COOLING
  TODAY            0                         2     -2        0
  MONTH TO DATE   14                        24    -10       64
  SINCE MAR 1     16                        29    -13       82
  SINCE JAN 1     47                        29     18       87
..................................................................


WIND (MPH)
  HIGHEST WIND SPEED    18   HIGHEST WIND DIRECTION    NE (60)
  HIGHEST GUST SPEED    25   HIGHEST GUST DIRECTION     E (100)
  AVERAGE WIND SPEED    11.9


SKY COVER
  POSSIBLE SUNSHINE  MM
  AVERAGE SKY COVER 0.9


WEATHER CONDITIONS
 THE FOLLOWING WEATHER WAS RECORDED TODAY.
  HEAVY RAIN
  RAIN
  LIGHT RAIN
  FOG


RELATIVE HUMIDITY (PERCENT)
 HIGHEST   100           400 AM
 LOWEST     73           300 PM
 AVERAGE    87

..........................................................


THE CHARLOTTE NC CLIMATE NORMALS FOR TOMORROW
                         NORMAL    RECORD    YEAR
 MAXIMUM TEMPERATURE (F)   74        93      1925
 MINIMUM TEMPERATURE (F)   49        31      2005


SUNRISE AND SUNSET
APRIL 24 2018.........SUNRISE   640 AM EDT   SUNSET   804 PM EDT
APRIL 25 2018.........SUNRISE   639 AM EDT   SUNSET   805 PM EDT


-  INDICATES NEGATIVE NUMBERS.
R  INDICATES RECORD WAS SET OR TIED.
MM INDICATES DATA IS MISSING.
T  INDICATES TRACE AMOUNT.

$$

OUTLAW
