000
CDUS45 KPUB 251050
CLICOS


CLIMATE REPORT
NATIONAL WEATHER SERVICE PUEBLO
450 AM MDT WED APR 25 2018


...................................

...THE COLORADO SPRINGS CO CLIMATE SUMMARY FOR APRIL 24 2018...

CLIMATE NORMAL PERIOD 1981 TO 2010
CLIMATE RECORD PERIOD 1872 TO 2018


WEATHER ITEM   OBSERVED TIME   RECORD YEAR NORMAL DEPARTURE LAST
                VALUE   (LST)  VALUE       VALUE  FROM      YEAR
                                                  NORMAL
..................................................................
TEMPERATURE (F)
 YESTERDAY
  MAXIMUM         44   1212 AM  84    2012  62    -18       73
                                      1996
  MINIMUM         32   1159 PM  18    2013  36     -4       48
  AVERAGE         38                        49    -11       61

PRECIPITATION (IN)
  YESTERDAY        0.06          2.00 1997   0.05   0.01     0.00
  MONTH TO DATE    1.08                      1.06   0.02     1.85
  SINCE MAR 1      1.68                      2.06  -0.38     2.29
  SINCE JAN 1      2.24                      2.72  -0.48     2.68

SNOWFALL (IN)
  YESTERDAY        0.4          11.1  1997   0.2    0.2      0.0
  MONTH TO DATE    5.3                       4.2    1.1      8.9
  SINCE MAR 1      8.4                      12.3   -3.9     10.9
  SINCE JUL 1     21.6                      36.3  -14.7     24.3
  SNOW DEPTH       0

DEGREE DAYS
 HEATING
  YESTERDAY       27                        16     11        4
  MONTH TO DATE  479                       464     15      342
  SINCE MAR 1   1162                      1269   -107      902
  SINCE JUL 1   5146                      5832   -686     4655

 COOLING
  YESTERDAY        0                         0      0        0
  MONTH TO DATE    0                         0      0        0
  SINCE MAR 1      0                         0      0        0
  SINCE JAN 1      0                         0      0        0
..................................................................


WIND (MPH)
  HIGHEST WIND SPEED    35   HIGHEST WIND DIRECTION    NW (330)
  HIGHEST GUST SPEED    47   HIGHEST GUST DIRECTION     N (340)
  AVERAGE WIND SPEED    18.6


SKY COVER
  POSSIBLE SUNSHINE  MM
  AVERAGE SKY COVER 1.0


WEATHER CONDITIONS
 THE FOLLOWING WEATHER WAS RECORDED YESTERDAY.
  LIGHT SNOW
  FOG
  HAZE


RELATIVE HUMIDITY (PERCENT)
 HIGHEST    96           700 PM
 LOWEST     64          1100 AM
 AVERAGE    80

..........................................................


THE COLORADO SPRINGS CO CLIMATE NORMALS FOR TODAY
                         NORMAL    RECORD    YEAR
 MAXIMUM TEMPERATURE (F)   63        81      2012
                                             1981
                                             1949
 MINIMUM TEMPERATURE (F)   36        20      1924
                                             1907


SUNRISE AND SUNSET
APRIL 25 2018.........SUNRISE   609 AM MDT   SUNSET   746 PM MDT
APRIL 26 2018.........SUNRISE   607 AM MDT   SUNSET   747 PM MDT


-  INDICATES NEGATIVE NUMBERS.
R  INDICATES RECORD WAS SET OR TIED.
MM INDICATES DATA IS MISSING.
T  INDICATES TRACE AMOUNT.




$$
