000
CDUS42 KILM 250841
CLICRE


CLIMATE REPORT
NATIONAL WEATHER SERVICE WILMINGTON NC
440 AM EDT FRI MAY 25 2018


...................................

...THE N.MYRTLE BEACH SOUTH CAROLINA CLIMATE SUMMARY FOR MAY 24 2018...

CLIMATE NORMAL PERIOD 1981 TO 2010
CLIMATE RECORD PERIOD 1949 TO 2018


WEATHER ITEM   OBSERVED TIME   RECORD YEAR NORMAL DEPARTURE LAST
                VALUE   (LST)  VALUE       VALUE  FROM      YEAR
                                                  NORMAL
..................................................................
TEMPERATURE (F)
 YESTERDAY
  MAXIMUM         82    245 PM  90    1949  80      2       80
  MINIMUM         69    222 AM  46    1954  63      6       69
  AVERAGE         76                        72      4       75

PRECIPITATION (IN)
  YESTERDAY        0.02          0.79 2017   0.12  -0.10     0.79
  MONTH TO DATE    2.73                      2.49   0.24     3.82
  SINCE MAR 1      9.80                      9.37   0.43     9.20
  SINCE JAN 1     15.51                     16.48  -0.97    12.73

DEGREE DAYS
 HEATING
  YESTERDAY        0                         0      0        0
  MONTH TO DATE    4                        23    -19       10
  SINCE MAR 1    574                       502     72      402
  SINCE JUL 1   2338                      2446   -108     1806

 COOLING
  YESTERDAY       11                         7      4       10
  MONTH TO DATE  182                       115     67      170
  SINCE MAR 1    206                       157     49      285
  SINCE JAN 1    226                       157     69      286
..................................................................


WIND (MPH)
  RESULTANT WIND SPEED   3   RESULTANT WIND DIRECTION  SE (120)
  HIGHEST WIND SPEED    15   HIGHEST WIND DIRECTION     E (100)
  HIGHEST GUST SPEED    19   HIGHEST GUST DIRECTION     E (100)
  AVERAGE WIND SPEED     5.9


SKY COVER
  POSSIBLE SUNSHINE  MM
  AVERAGE SKY COVER 0.5


WEATHER CONDITIONS
 THE FOLLOWING WEATHER WAS RECORDED YESTERDAY.
  THUNDERSTORM
  LIGHT RAIN


RELATIVE HUMIDITY (PERCENT)
 HIGHEST    97           200 AM
 LOWEST     69          1000 AM
 AVERAGE    83

..........................................................


THE N.MYRTLE BEACH SOUTH CAROLINA CLIMATE NORMALS FOR TODAY
                         NORMAL    RECORD    YEAR
 MAXIMUM TEMPERATURE (F)   80        90      1996
 MINIMUM TEMPERATURE (F)   64        46      2013


SUNRISE AND SUNSET
MAY 25 2018...........SUNRISE   608 AM EDT   SUNSET   816 PM EDT
MAY 26 2018...........SUNRISE   607 AM EDT   SUNSET   817 PM EDT


-  INDICATES NEGATIVE NUMBERS.
R  INDICATES RECORD WAS SET OR TIED.
MM INDICATES DATA IS MISSING.
T  INDICATES TRACE AMOUNT.




$$
