000
CDUS42 KCAE 260618
CLICUB


CLIMATE REPORT
NATIONAL WEATHER SERVICE COLUMBIA SC
218 AM EDT THU APR 26 2018


...................................

...THE HAMILTON - OWENS AIRPORT SC CLIMATE SUMMARY FOR APRIL 25 2018...

CLIMATE NORMAL PERIOD 1981 TO 2010
CLIMATE RECORD PERIOD 9999 TO 9999


WEATHER ITEM   OBSERVED TIME   NORMAL DEPARTURE LAST
                VALUE   (LST)  VALUE  FROM      YEAR
                                      NORMAL
......................................................
TEMPERATURE (F)
 YESTERDAY
  MAXIMUM         77    516 PM  79     -2       73
  MINIMUM         57    614 AM  55      2       MM
  AVERAGE         67            67      0       MM

PRECIPITATION (IN)
  YESTERDAY        0.00          0.06  -0.06     0.00
  MONTH TO DATE    3.00          2.29   0.71     4.55
  SINCE MAR 1      5.79          6.17  -0.38     8.10
  SINCE JAN 1      9.63         13.45  -3.82    15.80

DEGREE DAYS
 HEATING
  YESTERDAY        0             2     -2       MM
  MONTH TO DATE  117            90     27       30
  SINCE MAR 1    467           364    103      299
  SINCE JUL 1   2147          2293   -146     1563

 COOLING
  YESTERDAY        2             4     -2       MM
  MONTH TO DATE   39            63    -24      114
  SINCE MAR 1     50            78    -28      166
  SINCE JAN 1     99            81     18      184
......................................................


WIND (MPH)
  HIGHEST WIND SPEED    14   HIGHEST WIND DIRECTION     W (290)
  HIGHEST GUST SPEED    19   HIGHEST GUST DIRECTION     W (290)
  AVERAGE WIND SPEED     5.2


SKY COVER
  AVERAGE SKY COVER 0.4


WEATHER CONDITIONS
 THE FOLLOWING WEATHER WAS RECORDED YESTERDAY.
  NO SIGNIFICANT WEATHER WAS OBSERVED.


RELATIVE HUMIDITY (PERCENT)
 HIGHEST    93           500 AM
 LOWEST     43           100 PM

..........................................................


THE HAMILTON - OWENS AIRPORT SC CLIMATE NORMALS FOR TODAY
                         NORMAL    RECORD    YEAR
 MAXIMUM TEMPERATURE (F)   79        MM        MM
 MINIMUM TEMPERATURE (F)   55        MM        MM


SUNRISE AND SUNSET
APRIL 26 2018.........SUNRISE   640 AM EDT   SUNSET   804 PM EDT
APRIL 27 2018.........SUNRISE   639 AM EDT   SUNSET   805 PM EDT


-  INDICATES NEGATIVE NUMBERS.
R  INDICATES RECORD WAS SET OR TIED.
MM INDICATES DATA IS MISSING.
T  INDICATES TRACE AMOUNT.




$$
