000
CDUS46 KSGX 250024
CLICZZ


CLIMATE REPORT
NATIONAL WEATHER SERVICE SAN DIEGO, CA
524 PM PDT TUE APR 24 2018


...................................

...THE CAMPO ASOS CA CLIMATE SUMMARY FOR APRIL 24 2018...
VALID TODAY AS OF 0500 PM LOCAL TIME.

CLIMATE NORMAL PERIOD 1981 TO 2010
CLIMATE RECORD PERIOD 1948 TO 2018


WEATHER ITEM   OBSERVED TIME   RECORD YEAR NORMAL DEPARTURE LAST
                VALUE   (LST)  VALUE       VALUE  FROM      YEAR
                                                  NORMAL
..................................................................
TEMPERATURE (F)
 TODAY
  MAXIMUM         84   1248 PM  89    1996  75      9       70
  MINIMUM         38    344 AM  27    1963  39     -1       36
  AVERAGE         61                        57      4       53

PRECIPITATION (IN)
  TODAY            0.00          0.63 1990   0.03  -0.03     0.00
  MONTH TO DATE    0.03                      0.83  -0.80     0.00
  SINCE OCT 1      4.26                     13.95  -9.69    15.69
  SINCE JAN 1      3.91                      9.73  -5.82    10.46

DEGREE DAYS
 HEATING
  TODAY            4                         8     -4       12
  MONTH TO DATE  191                       253    -62      223
  SINCE MAR 1    609                       670    -61      532
  SINCE JUL 1   2231                      2721   -490     2442

 COOLING
  TODAY            0                         0      0        0
  MONTH TO DATE    0                         0      0        2
  SINCE MAR 1      0                         0      0        2
  SINCE JAN 1      0                         0      0        2
..................................................................


WIND (MPH)
  RESULTANT WIND SPEED   3   RESULTANT WIND DIRECTION  SW (240)
  HIGHEST WIND SPEED    23   HIGHEST WIND DIRECTION    SW (220)
  HIGHEST GUST SPEED    26   HIGHEST GUST DIRECTION    SW (220)
  AVERAGE WIND SPEED     8.7


SKY COVER
  POSSIBLE SUNSHINE  MM
  AVERAGE SKY COVER 0.0



RELATIVE HUMIDITY (PERCENT)
 HIGHEST    76           100 AM
 LOWEST     12           100 PM
 AVERAGE    44

..........................................................


THE CAMPO ASOS CA CLIMATE NORMALS FOR TOMORROW
                         NORMAL    RECORD    YEAR
 MAXIMUM TEMPERATURE (F)   75        90      2000
 MINIMUM TEMPERATURE (F)   39        23      1961


SUNRISE AND SUNSET
APRIL 24 2018.........SUNRISE   606 AM PDT   SUNSET   722 PM PDT
APRIL 25 2018.........SUNRISE   605 AM PDT   SUNSET   723 PM PDT


-  INDICATES NEGATIVE NUMBERS.
R  INDICATES RECORD WAS SET OR TIED.
MM INDICATES DATA IS MISSING.
T  INDICATES TRACE AMOUNT.




$$
