000
CDUS43 KUNR 240833
CLID07


CLIMATE REPORT
NATIONAL WEATHER SERVICE RAPID CITY SD
231 AM MDT TUE APR 24 2018


...................................

...THE FAITH SD CLIMATE SUMMARY FOR APRIL 23 2018...

CLIMATE NORMAL PERIOD 1981 TO 2010
CLIMATE RECORD PERIOD 9999 TO 9999


WEATHER ITEM   OBSERVED TIME   NORMAL DEPARTURE LAST
                VALUE   (LST)  VALUE  FROM      YEAR
                                      NORMAL
......................................................
TEMPERATURE (F)
 YESTERDAY
  MAXIMUM         69    226 PM  60      9       65
  MINIMUM         38    520 AM  36      2       34
  AVERAGE         54            48      6       50

PRECIPITATION (IN)
  YESTERDAY        0.22          0.06   0.16     0.00
  MONTH TO DATE    1.19          1.05   0.14     1.46
  SINCE MAR 1      2.46          2.03   0.43     1.96
  SINCE JAN 1      3.56          2.65   0.91     2.98

DEGREE DAYS
 HEATING
  YESTERDAY       11            17     -6       15
  MONTH TO DATE  742           500    242      390
  SINCE MAR 1   1918          1503    415     1300
  SINCE JUL 1   7870          7191    679     6651

 COOLING
  YESTERDAY        0             0      0        0
  MONTH TO DATE    0             0      0        0
  SINCE MAR 1      0             0      0        0
  SINCE JAN 1      0             0      0        0
......................................................


WIND (MPH)
  HIGHEST WIND SPEED    33   HIGHEST WIND DIRECTION     N (20)
  HIGHEST GUST SPEED    42   HIGHEST GUST DIRECTION     W (260)
  AVERAGE WIND SPEED    15.8




RELATIVE HUMIDITY (PERCENT)
 HIGHEST   100           700 PM
 LOWEST     34           400 PM
 AVERAGE    67

..........................................................




SUNRISE AND SUNSET
APRIL 24 2018.........SUNRISE   548 AM MDT   SUNSET   745 PM MDT
APRIL 25 2018.........SUNRISE   547 AM MDT   SUNSET   746 PM MDT


-  INDICATES NEGATIVE NUMBERS.
R  INDICATES RECORD WAS SET OR TIED.
MM INDICATES DATA IS MISSING.
T  INDICATES TRACE AMOUNT.




$$
