000
CDUS41 KRNK 270655
CLIDAN


CLIMATE REPORT
NATIONAL WEATHER SERVICE BLACKSBURG VA
255 AM EDT SUN MAY 27 2018


...................................

...THE DANVILLE VA CLIMATE SUMMARY FOR MAY 26 2018...

CLIMATE NORMAL PERIOD 1981 TO 2010
CLIMATE RECORD PERIOD 1948 TO 2018


WEATHER ITEM   OBSERVED TIME   RECORD YEAR NORMAL DEPARTURE LAST
                VALUE   (LST)  VALUE       VALUE  FROM      YEAR
                                                  NORMAL
..................................................................
TEMPERATURE (F)
 YESTERDAY
  MAXIMUM         81   1044 AM  96    1953  79      2       80
  MINIMUM         66    327 AM  44    2013  59      7       55
                                      1963
  AVERAGE         74                        69      5       68

PRECIPITATION (IN)
  YESTERDAY        0.64          1.20 2001   0.14   0.50     0.00
  MONTH TO DATE    6.23                      3.18   3.05     5.93
  SINCE MAR 1     14.36                     10.75   3.61    16.12
  SINCE JAN 1     19.58                     17.18   2.40    20.89

SNOWFALL (IN)
  YESTERDAY        0.0                                       0.0
  MONTH TO DATE    0.0                                       0.0
  SINCE MAR 1      7.4                                        T
  SINCE JUL 1     21.1                                       8.8
  SNOW DEPTH       0

DEGREE DAYS
 HEATING
  YESTERDAY        0                         1     -1        0
  MONTH TO DATE    8                        64    -56       72
  SINCE MAR 1    930                       806    124      686
  SINCE JUL 1   3595                      3807   -212     3142

 COOLING
  YESTERDAY        9                         5      4        3
  MONTH TO DATE  177                        82     95       74
  SINCE MAR 1    192                       116     76      152
  SINCE JAN 1    192                       116     76      157
..................................................................


WIND (MPH)
  HIGHEST WIND SPEED    14   HIGHEST WIND DIRECTION    SW (210)
  HIGHEST GUST SPEED    23   HIGHEST GUST DIRECTION    SW (220)
  AVERAGE WIND SPEED     3.5


SKY COVER
  AVERAGE SKY COVER 0.4


WEATHER CONDITIONS
 THE FOLLOWING WEATHER WAS RECORDED YESTERDAY.
  THUNDERSTORM
  HEAVY RAIN
  RAIN
  LIGHT RAIN
  FOG
  FOG W/VISIBILITY <= 1/4 MILE


RELATIVE HUMIDITY (PERCENT)
 HIGHEST   100          1200 AM
 LOWEST     74          1100 AM
 AVERAGE    87

..........................................................


THE DANVILLE VA CLIMATE NORMALS FOR TODAY
                         NORMAL    RECORD    YEAR
 MAXIMUM TEMPERATURE (F)   80        98      1965
 MINIMUM TEMPERATURE (F)   59        31      1961


SUNRISE AND SUNSET
MAY 27 2018...........SUNRISE   603 AM EDT   SUNSET   827 PM EDT
MAY 28 2018...........SUNRISE   602 AM EDT   SUNSET   828 PM EDT


-  INDICATES NEGATIVE NUMBERS.
R  INDICATES RECORD WAS SET OR TIED.
MM INDICATES DATA IS MISSING.
T  INDICATES TRACE AMOUNT.

REMARKS:
DUE TO MISSING DATA ON JANUARY 4-9, JANUARY 21-22, MARCH 2-3, AND
APRIL 26-27, ALL INFORMATION WILL BE CALCULATED WITHOUT DATA FROM
THESE DATES.

$$
