000
CDUS41 KILN 262057
CLIDAY


CLIMATE REPORT
NATIONAL WEATHER SERVICE WILMINGTON OH
456 PM EDT THU APR 26 2018


...................................

...THE DAYTON OH CLIMATE SUMMARY FOR APRIL 26 2018...
VALID TODAY AS OF 0400 PM LOCAL TIME.

CLIMATE NORMAL PERIOD 1981 TO 2010
CLIMATE RECORD PERIOD 1869 TO 2018


WEATHER ITEM   OBSERVED TIME   RECORD YEAR NORMAL DEPARTURE LAST
                VALUE   (LST)  VALUE       VALUE  FROM      YEAR
                                                  NORMAL
..................................................................
TEMPERATURE (F)
 TODAY
  MAXIMUM         64    253 PM  88    1986  66     -2       82
  MINIMUM         37    404 AM  30    1919  45     -8       55
  AVERAGE         51                        55     -4       69

PRECIPITATION (IN)
  TODAY            0.00          1.45 1989   0.14  -0.14     0.00
  MONTH TO DATE    4.78                      3.53   1.25     2.22
  SINCE MAR 1      8.34                      6.87   1.47     7.17
  SINCE JAN 1     16.65                     11.82   4.83    12.11

SNOWFALL (IN)
  TODAY            0.0           0.0    MM   0.0    0.0      0.0
  MONTH TO DATE    3.4                       0.6    2.8       T
  SINCE MAR 1      9.2                       4.0    5.2      1.3
  SINCE JUL 1     26.7                      23.3    3.4      8.5
  SNOW DEPTH       0

DEGREE DAYS
 HEATING
  TODAY           14                        10      4        0
  MONTH TO DATE  513                       374    139      216
  SINCE MAR 1   1383                      1138    245      947
  SINCE JUL 1   5491                      5413     78     4377

 COOLING
  TODAY            0                         1     -1        4
  MONTH TO DATE    7                         6      1       30
  SINCE MAR 1      7                         6      1       32
  SINCE JAN 1     10                         6      4       32
..................................................................


WIND (MPH)
  RESULTANT WIND SPEED   3   RESULTANT WIND DIRECTION   N (10)
  HIGHEST WIND SPEED    10   HIGHEST WIND DIRECTION     E (100)
  HIGHEST GUST SPEED    13   HIGHEST GUST DIRECTION    SE (130)
  AVERAGE WIND SPEED     5.7


SKY COVER
  POSSIBLE SUNSHINE  MM
  AVERAGE SKY COVER 0.5


WEATHER CONDITIONS
 THE FOLLOWING WEATHER WAS RECORDED TODAY.
  NO SIGNIFICANT WEATHER WAS OBSERVED.


RELATIVE HUMIDITY (PERCENT)
 HIGHEST    93           700 AM
 LOWEST     43           300 PM
 AVERAGE    68

..........................................................


THE DAYTON OH CLIMATE NORMALS FOR TOMORROW
                         NORMAL    RECORD    YEAR
 MAXIMUM TEMPERATURE (F)   66        86      1986
 MINIMUM TEMPERATURE (F)   45        28      1907


SUNRISE AND SUNSET
APRIL 26 2018.........SUNRISE   643 AM EDT   SUNSET   826 PM EDT
APRIL 27 2018.........SUNRISE   642 AM EDT   SUNSET   827 PM EDT


-  INDICATES NEGATIVE NUMBERS.
R  INDICATES RECORD WAS SET OR TIED.
MM INDICATES DATA IS MISSING.
T  INDICATES TRACE AMOUNT.




$$
