000
CDUS41 KLWX 240526
CLIDCA


CLIMATE REPORT
NATIONAL WEATHER SERVICE BALTIMORE MD/WASHINGTON DC
126 AM EDT TUE APR 24 2018


...................................

...THE WASHINGTON NATIONAL DC CLIMATE SUMMARY FOR APRIL 23 2018...

CLIMATE NORMAL PERIOD 1981 TO 2010
CLIMATE RECORD PERIOD 1871 TO 2018


WEATHER ITEM   OBSERVED TIME   RECORD YEAR NORMAL DEPARTURE LAST
                VALUE   (LST)  VALUE       VALUE  FROM      YEAR
                                                  NORMAL
..................................................................
TEMPERATURE (F)
 YESTERDAY
  MAXIMUM         69    227 PM  95    1960  69      0       61
  MINIMUM         50    535 AM  33    1933  49      1       49
                                      1882
  AVERAGE         60                        59      1       55

PRECIPITATION (IN)
  YESTERDAY        0.00          1.38 1921   0.10  -0.10     0.00
  MONTH TO DATE    2.09                      2.34  -0.25     2.30
  SINCE MAR 1      4.01                      5.82  -1.81     5.49
  SINCE JAN 1      9.74                     11.25  -1.51     8.92

SNOWFALL (IN)
  YESTERDAY        0.0           T    1986   0.0    0.0
                                      1930
  MONTH TO DATE    T                         0.0    0.0
  SINCE JUL 1      7.8                      15.4   -7.6
  SNOW DEPTH       0

DEGREE DAYS
 HEATING
  YESTERDAY        5                         7     -2       10
  MONTH TO DATE  272                       228     44      105
  SINCE MAR 1    929                       796    133      653
  SINCE JUL 1   3719                      3904   -185     3029

 COOLING
  YESTERDAY        0                         1     -1        0
  MONTH TO DATE   17                        14      3       50
  SINCE MAR 1     17                        16      1       55
  SINCE JAN 1     21                        16      5       56
..................................................................


WIND (MPH)
  HIGHEST WIND SPEED    21   HIGHEST WIND DIRECTION    SE (140)
  HIGHEST GUST SPEED    25   HIGHEST GUST DIRECTION    SE (130)
  AVERAGE WIND SPEED     7.4


SKY COVER
  POSSIBLE SUNSHINE  MM
  AVERAGE SKY COVER 0.9


WEATHER CONDITIONS
 THE FOLLOWING WEATHER WAS RECORDED YESTERDAY.
  NO SIGNIFICANT WEATHER WAS OBSERVED.


RELATIVE HUMIDITY (PERCENT)
 HIGHEST    64           700 AM
 LOWEST     33           800 PM
 AVERAGE    49

..........................................................


THE WASHINGTON NATIONAL DC CLIMATE NORMALS FOR TODAY
                         NORMAL    RECORD    YEAR
 MAXIMUM TEMPERATURE (F)   69        94      1960
                                             1925
 MINIMUM TEMPERATURE (F)   50        34      1930
                                             1882


SUNRISE AND SUNSET
APRIL 24 2018.........SUNRISE   619 AM EDT   SUNSET   754 PM EDT
APRIL 25 2018.........SUNRISE   618 AM EDT   SUNSET   755 PM EDT


-  INDICATES NEGATIVE NUMBERS.
R  INDICATES RECORD WAS SET OR TIED.
MM INDICATES DATA IS MISSING.
T  INDICATES TRACE AMOUNT.




$$
