000
CDUS41 KALY 250623
CLIDDH


CLIMATE REPORT
NATIONAL WEATHER SERVICE ALBANY NY
222 AM EDT FRI MAY 25 2018


...................................

...THE BENNINGTON VT CLIMATE SUMMARY FOR MAY 24 2018...

CLIMATE NORMAL PERIOD 1981 TO 2010
CLIMATE RECORD PERIOD 9999 TO 9999


WEATHER ITEM   OBSERVED TIME   NORMAL DEPARTURE LAST
                VALUE   (LST)  VALUE  FROM      YEAR
                                      NORMAL
......................................................
TEMPERATURE (F)
 YESTERDAY
  MAXIMUM         76    506 PM  69      7       74
  MINIMUM         44    516 AM  46     -2       48
  AVERAGE         60            57      3       61

PRECIPITATION (IN)
  YESTERDAY        0.00          0.14  -0.14     0.00
  MONTH TO DATE    1.74          2.67  -0.93     5.31
  SINCE MAR 1      6.80          9.09  -2.29    10.79
  SINCE JAN 1     13.46         14.08  -0.62    14.42

DEGREE DAYS
 HEATING
  YESTERDAY        5             8     -3        4
  MONTH TO DATE  129           266   -137      277
  SINCE MAR 1   1870          1838     32     1821
  SINCE JUL 1   6697          7089   -392     6356

 COOLING
  YESTERDAY        0             0      0        0
  MONTH TO DATE   12             0     12       12
  SINCE MAR 1     12             3      9       15
  SINCE JAN 1     12             3      9       15
......................................................


WIND (MPH)
  HIGHEST WIND SPEED    13   HIGHEST WIND DIRECTION     N (350)
  HIGHEST GUST SPEED    17   HIGHEST GUST DIRECTION     N (360)
  AVERAGE WIND SPEED     3.7


SKY COVER
  AVERAGE SKY COVER 0.0



RELATIVE HUMIDITY (PERCENT)
 HIGHEST    93           200 AM
 LOWEST     25           100 PM
 AVERAGE    59

..........................................................


THE BENNINGTON VT CLIMATE NORMALS FOR TODAY
                         NORMAL
 MAXIMUM TEMPERATURE (F)   69
 MINIMUM TEMPERATURE (F)   46


SUNRISE AND SUNSET
MAY 25 2018...........SUNRISE   521 AM EDT   SUNSET   819 PM EDT
MAY 26 2018...........SUNRISE   521 AM EDT   SUNSET   820 PM EDT


-  INDICATES NEGATIVE NUMBERS.
R  INDICATES RECORD WAS SET OR TIED.
MM INDICATES DATA IS MISSING.
T  INDICATES TRACE AMOUNT.




$$
