000
CDUS45 KBOU 230746
CLIDEN


CLIMATE REPORT
NATIONAL WEATHER SERVICE DENVER/BOULDER CO
142 AM MDT MON APR 23 2018


...................................

...THE DENVER CO CLIMATE SUMMARY FOR APRIL 22 2018...

CLIMATE NORMAL PERIOD 1981 TO 2010
CLIMATE RECORD PERIOD 1872 TO 2018


WEATHER ITEM   OBSERVED TIME   RECORD YEAR NORMAL DEPARTURE LAST
                VALUE   (LST)  VALUE       VALUE  FROM      YEAR
                                                  NORMAL
..................................................................
TEMPERATURE (F)
 YESTERDAY
  MAXIMUM         65    247 PM  88    1989  63      2       57
  MINIMUM         31    306 AM  21    2013  35     -4       35
  AVERAGE         48                        49     -1       46

PRECIPITATION (IN)
  YESTERDAY        0.00          1.32 1999   0.06  -0.06     0.10
  MONTH TO DATE    0.76                      1.15  -0.39     0.57
  SINCE MAR 1      1.78                      2.07  -0.29     1.47
  SINCE JAN 1      2.63                      2.85  -0.22     2.24

SNOWFALL (IN)
  YESTERDAY        0.0
  MONTH TO DATE    1.3
  SINCE MAR 1      6.1
  SINCE JUL 1     25.5
  SNOW DEPTH       0

DEGREE DAYS
 HEATING
  YESTERDAY       17                        16      1       19
  MONTH TO DATE  418                       410      8      319
  SINCE MAR 1   1102                      1173    -71      842
  SINCE JUL 1   5159                      5612   -453     4644

 COOLING
  YESTERDAY        0                         0      0        0
  MONTH TO DATE    0                         0      0        0
  SINCE MAR 1      0                         0      0        0
  SINCE JAN 1      0                         0      0        0
..................................................................


WIND (MPH)
  HIGHEST WIND SPEED    14   HIGHEST WIND DIRECTION    NE (30)
  HIGHEST GUST SPEED    24   HIGHEST GUST DIRECTION     N (360)
  AVERAGE WIND SPEED     7.0


SKY COVER
  POSSIBLE SUNSHINE  MM
  AVERAGE SKY COVER 0.1


WEATHER CONDITIONS
 THE FOLLOWING WEATHER WAS RECORDED YESTERDAY.
  FOG


RELATIVE HUMIDITY (PERCENT)
 HIGHEST    92           700 AM
 LOWEST     28           300 PM
 AVERAGE    60

..........................................................


THE DENVER CO CLIMATE NORMALS FOR TODAY
                         NORMAL    RECORD    YEAR
 MAXIMUM TEMPERATURE (F)   63        85      1989
 MINIMUM TEMPERATURE (F)   35        17      1873


SUNRISE AND SUNSET
APRIL 23 2018.........SUNRISE   609 AM MDT   SUNSET   745 PM MDT
APRIL 24 2018.........SUNRISE   608 AM MDT   SUNSET   746 PM MDT


-  INDICATES NEGATIVE NUMBERS.
R  INDICATES RECORD WAS SET OR TIED.
MM INDICATES DATA IS MISSING.
T  INDICATES TRACE AMOUNT.




$$
