000
CDUS44 KFWD 230640
CLIDFW

CLIMATE REPORT
NATIONAL WEATHER SERVICE FORT WORTH TX
140 AM CDT MON APR 23 2018

...................................

...THE DALLAS FORT WORTH CLIMATE SUMMARY FOR APRIL 22 2018...

CLIMATE NORMAL PERIOD 1981 TO 2010
CLIMATE RECORD PERIOD 1898 TO 2018


WEATHER ITEM   OBSERVED TIME   RECORD YEAR NORMAL DEPARTURE LAST
                VALUE   (LST)  VALUE       VALUE  FROM      YEAR
                                                  NORMAL
..................................................................
TEMPERATURE (F)
 YESTERDAY
  MAXIMUM         69    320 PM  94    1963  78     -9       64
  MINIMUM         51    639 AM  39    1927  57     -6       54
  AVERAGE         60                        67     -7       59

PRECIPITATION (IN)
  YESTERDAY        0.00          2.03 1962   0.11  -0.11      T
  MONTH TO DATE    0.66                      2.05  -1.39     3.32
  SINCE MAR 1      3.56                      5.54  -1.98     4.38
  SINCE JAN 1     15.72                     10.33   5.39    11.10

SNOWFALL (IN)
  YESTERDAY        0.0           0.0    MM   0.0    0.0      0.0
  MONTH TO DATE    0.0                       0.0    0.0      0.0
  SINCE MAR 1      0.0                       0.2   -0.2      0.0
  SINCE JUL 1      T                         1.6   -1.6      0.1
  SNOW DEPTH       0

DEGREE DAYS
 HEATING
  YESTERDAY        5                         2      3        6
  MONTH TO DATE  140                        74     66       12
  SINCE MAR 1    254                       335    -81      105
  SINCE JUL 1   1921                      2267   -346     1293

 COOLING
  YESTERDAY        0                         4     -4        0
  MONTH TO DATE   34                        62    -28      129
  SINCE MAR 1    104                        94     10      252
  SINCE JAN 1    126                       101     25      320
..................................................................


WIND (MPH)
  HIGHEST WIND SPEED    25   HIGHEST WIND DIRECTION     N (350)
  HIGHEST GUST SPEED    29   HIGHEST GUST DIRECTION     N (350)
  AVERAGE WIND SPEED    14.8


SKY COVER
  POSSIBLE SUNSHINE  MM
  AVERAGE SKY COVER 0.6


WEATHER CONDITIONS
 THE FOLLOWING WEATHER WAS RECORDED YESTERDAY.
  NO SIGNIFICANT WEATHER WAS OBSERVED.


RELATIVE HUMIDITY (PERCENT)
 HIGHEST    96          1200 AM
 LOWEST     42           300 PM
 AVERAGE    69

..........................................................


THE DALLAS FORT WORTH CLIMATE NORMALS FOR TODAY
                         NORMAL    RECORD    YEAR
 MAXIMUM TEMPERATURE (F)   78        90      1934
 MINIMUM TEMPERATURE (F)   57        41      2013
                                             1907


SUNRISE AND SUNSET
APRIL 23 2018.........SUNRISE   649 AM CDT   SUNSET   804 PM CDT
APRIL 24 2018.........SUNRISE   648 AM CDT   SUNSET   805 PM CDT


-  INDICATES NEGATIVE NUMBERS.
R  INDICATES RECORD WAS SET OR TIED.
MM INDICATES DATA IS MISSING.
T  INDICATES TRACE AMOUNT.

$$
