000
CDUS43 KBIS 210746
CLIDIK


CLIMATE REPORT
NATIONAL WEATHER SERVICE BISMARCK ND
245 AM CDT MON MAY 21 2018


...................................

...THE DICKINSON ND CLIMATE SUMMARY FOR MAY 20 2018...

CLIMATE NORMAL PERIOD 1981 TO 2010
CLIMATE RECORD PERIOD 1893 TO 2018


WEATHER ITEM   OBSERVED TIME   RECORD YEAR NORMAL DEPARTURE LAST
                VALUE   (LST)  VALUE       VALUE  FROM      YEAR
                                                  NORMAL
..................................................................
TEMPERATURE (F)
 YESTERDAY
  MAXIMUM         68    411 PM  96    1964  67      1       61
  MINIMUM         33    432 AM  19    1895  42     -9       36
  AVERAGE         51                        54     -3       49

PRECIPITATION (IN)
  YESTERDAY        0.00          1.57 2011   0.08  -0.08     0.00
  MONTH TO DATE    0.56                      1.43  -0.87     1.19
  SINCE MAR 1      2.08                      3.59  -1.51     2.03
  SINCE JAN 1      2.26                      4.22  -1.96     2.34

DEGREE DAYS
 HEATING
  YESTERDAY       14                        11      3       16
  MONTH TO DATE  197                       277    -80      223
  SINCE MAR 1   2241                      2045    196     1939
  SINCE JUL 1   8759                      8339    420     8069

 COOLING
  YESTERDAY        0                         0      0        0
  MONTH TO DATE    5                         0      5       10
  SINCE MAR 1      5                         1      4       10
  SINCE JAN 1      5                         1      4       10
..................................................................


WIND (MPH)
  HIGHEST WIND SPEED    23   HIGHEST WIND DIRECTION     S (160)
  HIGHEST GUST SPEED    31   HIGHEST GUST DIRECTION     S (180)
  AVERAGE WIND SPEED    12.5


SKY COVER
  POSSIBLE SUNSHINE  MM
  AVERAGE SKY COVER 0.0


WEATHER CONDITIONS
 THE FOLLOWING WEATHER WAS RECORDED YESTERDAY.
  NO SIGNIFICANT WEATHER WAS OBSERVED.


RELATIVE HUMIDITY (PERCENT)
 HIGHEST    89           300 AM
 LOWEST     24           200 PM
 AVERAGE    57

..........................................................


THE DICKINSON ND CLIMATE NORMALS FOR TODAY
                         NORMAL    RECORD    YEAR
 MAXIMUM TEMPERATURE (F)   68        96      1980
 MINIMUM TEMPERATURE (F)   42        18      1931


SUNRISE AND SUNSET
MAY 21 2018...........SUNRISE   510 AM MDT   SUNSET   827 PM MDT
MAY 22 2018...........SUNRISE   509 AM MDT   SUNSET   828 PM MDT


-  INDICATES NEGATIVE NUMBERS.
R  INDICATES RECORD WAS SET OR TIED.
MM INDICATES DATA IS MISSING.
T  INDICATES TRACE AMOUNT.




$$
