000
CDUS43 KDLH 201008
CLIDLH


CLIMATE REPORT
NATIONAL WEATHER SERVICE DULUTH MN
506 AM CDT SUN MAY 20 2018


...................................

...THE DULUTH MN CLIMATE SUMMARY FOR MAY 19 2018...

CLIMATE NORMAL PERIOD 1981 TO 2010
CLIMATE RECORD PERIOD 1870 TO 2018


WEATHER ITEM   OBSERVED TIME   RECORD YEAR NORMAL DEPARTURE LAST
                VALUE   (LST)  VALUE       VALUE  FROM      YEAR
                                                  NORMAL
..................................................................
TEMPERATURE (F)
 YESTERDAY
  MAXIMUM         57    426 PM  85    1972  63     -6       52
                                      1941
                                      1925
  MINIMUM         39   1159 PM  26    1929  42     -3       33
  AVERAGE         48                        52     -4       43

PRECIPITATION (IN)
  YESTERDAY        0.02          2.16 1877   0.11  -0.09     0.00
  MONTH TO DATE    0.39                      1.94  -1.55     2.83
  SINCE MAR 1      2.22                      5.86  -3.64     6.90
  SINCE JAN 1      4.58                      7.63  -3.05     9.86

SNOWFALL (IN)
  YESTERDAY        0.0           0.2  1963   0.0    0.0      0.0
  MONTH TO DATE    0.0                       0.4   -0.4      0.8
  SINCE MAR 1     23.6                      20.5    3.1      8.0
  SINCE JUL 1     91.9                      86.1    5.8     67.0
  SNOW DEPTH       0

DEGREE DAYS
 HEATING
  YESTERDAY       17                        13      4       22
  MONTH TO DATE  227                       293    -66      297
  SINCE MAR 1   2382                      2265    117     2168
  SINCE JUL 1   9403                      9132    271     7858

 COOLING
  YESTERDAY        0                         0      0        0
  MONTH TO DATE    5                         0      5        0
  SINCE MAR 1      5                         0      5        0
  SINCE JAN 1      5                         0      5        0
..................................................................


WIND (MPH)
  HIGHEST WIND SPEED    20   HIGHEST WIND DIRECTION     N (360)
  HIGHEST GUST SPEED    20   HIGHEST GUST DIRECTION     N (360)
  AVERAGE WIND SPEED    11.3


SKY COVER
  AVERAGE SKY COVER 0.6


WEATHER CONDITIONS
 THE FOLLOWING WEATHER WAS RECORDED YESTERDAY.
  LIGHT RAIN
  HAZE


RELATIVE HUMIDITY (PERCENT)
 HIGHEST    93           600 AM
 LOWEST     54          1200 AM
 AVERAGE    74

..........................................................


THE DULUTH MN CLIMATE NORMALS FOR TODAY
                         NORMAL    RECORD    YEAR
 MAXIMUM TEMPERATURE (F)   64        88      2009
 MINIMUM TEMPERATURE (F)   42        26      1986


SUNRISE AND SUNSET
MAY 20 2018...........SUNRISE   528 AM CDT   SUNSET   843 PM CDT
MAY 21 2018...........SUNRISE   527 AM CDT   SUNSET   844 PM CDT


-  INDICATES NEGATIVE NUMBERS.
R  INDICATES RECORD WAS SET OR TIED.
MM INDICATES DATA IS MISSING.
T  INDICATES TRACE AMOUNT.




$$
