000
CDUS45 KTFX 192240
CLIDLN


CLIMATE REPORT
NATIONAL WEATHER SERVICE GREAT FALLS MT
440 PM MDT THU APR 19 2018


...................................

...THE DILLON AIRPORT MT CLIMATE SUMMARY FOR APRIL 19 2018...
VALID TODAY AS OF 0400 PM LOCAL TIME.

CLIMATE NORMAL PERIOD 1981 TO 2010
CLIMATE RECORD PERIOD 1929 TO 2018


WEATHER ITEM   OBSERVED TIME   RECORD YEAR NORMAL DEPARTURE LAST
                VALUE   (LST)  VALUE       VALUE  FROM      YEAR
                                                  NORMAL
..................................................................
TEMPERATURE (F)
 TODAY
  MAXIMUM         57    251 PM  80    1962  56      1       59
  MINIMUM         25    603 AM   1    1941  29     -4       31
  AVERAGE         41                        42     -1       45

PRECIPITATION (IN)
  TODAY            0.00          0.43 1987   0.03  -0.03     0.00
  MONTH TO DATE    1.15                      0.63   0.52     0.99
  SINCE OCT 1      3.82                      3.11   0.71     4.39
  SINCE JAN 1      2.69                      1.71   0.98     1.85

DEGREE DAYS
 HEATING
  TODAY           24                        23      1       20
  MONTH TO DATE  529                       475     54      443
  SINCE MAR 1   1644                      1425    219     1179
  SINCE JUL 1   7621                      7342    279     7134

 COOLING
  TODAY            0                         0      0        0
  MONTH TO DATE    0                         0      0        0
  SINCE MAR 1      0                         0      0        0
  SINCE JAN 1      0                         0      0        0
..................................................................


WIND (MPH)
  HIGHEST WIND SPEED    13   HIGHEST WIND DIRECTION    NE (50)
  HIGHEST GUST SPEED    17   HIGHEST GUST DIRECTION     N (10)
  AVERAGE WIND SPEED     4.9


SKY COVER
  AVERAGE SKY COVER 0.2


WEATHER CONDITIONS
 THE FOLLOWING WEATHER WAS RECORDED TODAY.
  HAZE


RELATIVE HUMIDITY (PERCENT)
 HIGHEST    88
 LOWEST     26
 AVERAGE    57

..........................................................


THE DILLON AIRPORT MT CLIMATE NORMALS FOR TOMORROW
                         NORMAL    RECORD    YEAR
 MAXIMUM TEMPERATURE (F)   56        78      1980
 MINIMUM TEMPERATURE (F)   30        10      2008


SUNRISE AND SUNSET
APRIL 19 2018.........SUNRISE   638 AM MDT   SUNSET   821 PM MDT
APRIL 20 2018.........SUNRISE   636 AM MDT   SUNSET   823 PM MDT


-  INDICATES NEGATIVE NUMBERS.
R  INDICATES RECORD WAS SET OR TIED.
MM INDICATES DATA IS MISSING.
T  INDICATES TRACE AMOUNT.




$$
