000
CDUS41 KLWX 272122
CLIDMH


CLIMATE REPORT
NATIONAL WEATHER SERVICE BALTIMORE MD/WASHINGTON DC
521 PM EDT SUN MAY 27 2018


...................................

...THE BALTIMORE INNER HARBOR MD CLIMATE SUMMARY FOR MAY 27 2018...
VALID TODAY AS OF 0500 PM LOCAL TIME.

CLIMATE NORMAL PERIOD 1981 TO 2010
CLIMATE RECORD PERIOD 1999 TO 2018


WEATHER ITEM   OBSERVED TIME   RECORD YEAR NORMAL DEPARTURE LAST
                VALUE   (LST)  VALUE       VALUE  FROM      YEAR
                                                  NORMAL
..................................................................
TEMPERATURE (F)
 TODAY
  MAXIMUM         89   1118 AM  MM      MM  79     10       75
  MINIMUM         72    359 PM  MM      MM  61     11       63
  AVERAGE         81                        70     11       69

PRECIPITATION (IN)
  TODAY            1.85         MM      MM   0.12   1.73     0.00
  MONTH TO DATE    7.51                      2.99   4.52     4.21
  SINCE MAR 1     14.89                     10.07   4.82    10.97
  SINCE JAN 1     20.63                     15.59   5.04    14.86

DEGREE DAYS
 HEATING
  TODAY            0                         1     -1        0
  MONTH TO DATE   12                        77    -65       72
  SINCE MAR 1    998                       934     64      788
  SINCE JUL 1   3790                      4022   -232     3242

 COOLING
  TODAY           16                         6     10        4
  MONTH TO DATE  210                        89    121       78
  SINCE MAR 1    234                       114    120      160
  SINCE JAN 1    236                       114    122      160
..................................................................


WIND (MPH)
  HIGHEST WIND SPEED    MM   HIGHEST WIND DIRECTION    MM
  HIGHEST GUST SPEED    MM   HIGHEST GUST DIRECTION    MM
  AVERAGE WIND SPEED    MM


SKY COVER
  POSSIBLE SUNSHINE  MM



RELATIVE HUMIDITY (PERCENT)
 HIGHEST   100           300 PM
 LOWEST     61           100 PM
 AVERAGE    81

..........................................................


THE BALTIMORE INNER HARBOR MD CLIMATE NORMALS FOR TOMORROW
                         NORMAL    RECORD    YEAR
 MAXIMUM TEMPERATURE (F)   79        MM        MM
 MINIMUM TEMPERATURE (F)   61        MM        MM


SUNRISE AND SUNSET
MAY 27 2018...........SUNRISE   544 AM EDT   SUNSET   823 PM EDT
MAY 28 2018...........SUNRISE   544 AM EDT   SUNSET   824 PM EDT


-  INDICATES NEGATIVE NUMBERS.
R  INDICATES RECORD WAS SET OR TIED.
MM INDICATES DATA IS MISSING.
T  INDICATES TRACE AMOUNT.




$$
