000
CDUS43 KEAX 200633
CLIDMO


CLIMATE REPORT
NATIONAL WEATHER SERVICE KANSAS CITY/PLEASANT HILL MO
132 AM CDT FRI APR 20 2018


...................................

...THE SEDALIA MO CLIMATE SUMMARY FOR APRIL 19 2018...

CLIMATE NORMAL PERIOD 1981 TO 2010
CLIMATE RECORD PERIOD 9999 TO 9999


WEATHER ITEM   OBSERVED TIME   NORMAL DEPARTURE LAST
                VALUE   (LST)  VALUE  FROM      YEAR
                                      NORMAL
......................................................
TEMPERATURE (F)
 YESTERDAY
  MAXIMUM         57    430 PM  68    -11       85
  MINIMUM         33    602 AM  47    -14       60
  AVERAGE         45            58    -13       73

PRECIPITATION (IN)
  YESTERDAY        0.00          0.14  -0.14     0.00
  MONTH TO DATE    0.17          2.31  -2.14     2.07
  SINCE MAR 1      2.81          4.92  -2.11     5.37
  SINCE JAN 1      6.76          8.52  -1.76     6.79

DEGREE DAYS
 HEATING
  YESTERDAY       20             8     12        0
  MONTH TO DATE  398           207    191      110
  SINCE MAR 1   1013           792    221      564
  SINCE JUL 1   4543          4409    134     3447

 COOLING
  YESTERDAY        0             1     -1        8
  MONTH TO DATE   15            18     -3       38
  SINCE MAR 1     15            21     -6       46
  SINCE JAN 1     15            21     -6       46
......................................................


WIND (MPH)
  HIGHEST WIND SPEED    15   HIGHEST WIND DIRECTION    NE (50)
  HIGHEST GUST SPEED    19   HIGHEST GUST DIRECTION    NW (320)
  AVERAGE WIND SPEED     7.8


SKY COVER
  AVERAGE SKY COVER 0.3


WEATHER CONDITIONS
 THE FOLLOWING WEATHER WAS RECORDED YESTERDAY.
  NO SIGNIFICANT WEATHER WAS OBSERVED.


RELATIVE HUMIDITY (PERCENT)
 HIGHEST    85           400 AM
 LOWEST     38           500 PM
 AVERAGE    62

..........................................................


THE SEDALIA MO CLIMATE NORMALS FOR TODAY
                         NORMAL
 MAXIMUM TEMPERATURE (F)   69
 MINIMUM TEMPERATURE (F)   48


SUNRISE AND SUNSET
APRIL 20 2018.........SUNRISE   629 AM CDT   SUNSET   754 PM CDT
APRIL 21 2018.........SUNRISE   628 AM CDT   SUNSET   755 PM CDT


-  INDICATES NEGATIVE NUMBERS.
R  INDICATES RECORD WAS SET OR TIED.
MM INDICATES DATA IS MISSING.
T  INDICATES TRACE AMOUNT.




$$
