000
CDUS46 KOTX 192330
CLIEAT


CLIMATE REPORT
NATIONAL WEATHER SERVICE SPOKANE, WA
430 PM PDT THU APR 19 2018


...................................

...THE WENATCHEE WA PANGBORN FIELD CLIMATE SUMMARY FOR APRIL 19 2018...
VALID AS OF 0400 PM LOCAL TIME.

CLIMATE NORMAL PERIOD 1981 TO 2010
CLIMATE RECORD PERIOD 1959 TO 2018


WEATHER ITEM   OBSERVED TIME   RECORD YEAR NORMAL DEPARTURE LAST
                VALUE   (LST)  VALUE       VALUE  FROM      YEAR
                                                  NORMAL
..................................................................
TEMPERATURE (F)
 TODAY
  MAXIMUM         65    259 PM  82    2016  63      2       60
  MINIMUM         36    542 AM  29    2008  41     -5       39
  AVERAGE         51                        52     -1       50

PRECIPITATION (IN)
  TODAY            0.00          0.34 1970   0.01  -0.01     0.21
  MONTH TO DATE    1.05                      0.30   0.75     2.04
  SINCE OCT 1      6.43                      5.76   0.67     8.90
  SINCE JAN 1      3.35                      2.81   0.54     6.08

SNOWFALL (IN)
  TODAY           MM

DEGREE DAYS
 HEATING
  TODAY           14                        13      1       15
  MONTH TO DATE  337                       276     61      332
  SINCE MAR 1   1034                       924    110     1070
  SINCE JUL 1   5452                      5388     64     5861

 COOLING
  TODAY            0                         0      0        0
  MONTH TO DATE    0                         0      0        0
  SINCE MAR 1      0                         2     -2        0
  SINCE JAN 1      0                         2     -2        0
..................................................................


WIND (MPH)
  HIGHEST WIND SPEED    14   HIGHEST WIND DIRECTION     W (280)
  HIGHEST GUST SPEED    16   HIGHEST GUST DIRECTION     W (280)
  AVERAGE WIND SPEED     6.8


SKY COVER
  POSSIBLE SUNSHINE  MM
  AVERAGE SKY COVER 0.0


WEATHER CONDITIONS
 THE FOLLOWING WEATHER WAS RECORDED TODAY.
  NO SIGNIFICANT WEATHER WAS OBSERVED.


RELATIVE HUMIDITY (PERCENT)
 HIGHEST    89           400 AM
 LOWEST     27           200 PM
 AVERAGE    58

..........................................................


THE WENATCHEE WA PANGBORN FIELD CLIMATE NORMALS FOR TOMORROW
                         NORMAL    RECORD    YEAR
 MAXIMUM TEMPERATURE (F)   63        86      2016
 MINIMUM TEMPERATURE (F)   41        27      1961


SUNRISE AND SUNSET
APRIL 19 2018.........SUNRISE   605 AM PDT   SUNSET   756 PM PDT
APRIL 20 2018.........SUNRISE   603 AM PDT   SUNSET   757 PM PDT


-  INDICATES NEGATIVE NUMBERS.
R  INDICATES RECORD WAS SET OR TIED.
MM INDICATES DATA IS MISSING.
T  INDICATES TRACE AMOUNT.




$$
