000
CDUS44 KSHV 220755
CLIELD


CLIMATE REPORT
NATIONAL WEATHER SERVICE SHREVEPORT, LA
254 AM CDT SUN APR 22 2018


...................................

...THE EL DORADO CLIMATE SUMMARY FOR APRIL 21 2018...

CLIMATE NORMAL PERIOD 1981 TO 2010
CLIMATE RECORD PERIOD 1907 TO 2018


WEATHER ITEM   OBSERVED TIME   RECORD YEAR NORMAL DEPARTURE LAST
                VALUE   (LST)  VALUE       VALUE  FROM      YEAR
                                                  NORMAL
..................................................................
TEMPERATURE (F)
 YESTERDAY
  MAXIMUM         74   1250 PM  93    1925  77     -3       83
  MINIMUM         44    105 AM  35    1953  53     -9       66
  AVERAGE         59                        65     -6       75

PRECIPITATION (IN)
  YESTERDAY        1.01          2.02 2011   0.14   0.87     0.17
  MONTH TO DATE    3.83                      2.83   1.00     7.35
  SINCE DEC 1     30.96                     21.85   9.11    23.76
  SINCE JAN 1     25.33                     16.67   8.66    17.47

SNOWFALL (IN)
  YESTERDAY        0.0
  MONTH TO DATE    0.0
  SINCE MAR 1      0.0
  SINCE JUL 1      2.8
  SNOW DEPTH       0

DEGREE DAYS
 HEATING
  YESTERDAY        6                         3      3        0
  MONTH TO DATE  159                        98     61       28
  SINCE MAR 1    395                       406    -11      240
  SINCE JUL 1   2497                      2634   -137     1692

 COOLING
  YESTERDAY        0                         3     -3       10
  MONTH TO DATE   16                        42    -26       74
  SINCE MAR 1     46                        64    -18      127
  SINCE JAN 1     71                        70      1      154
..................................................................


WIND (MPH)
  HIGHEST WIND SPEED    20   HIGHEST WIND DIRECTION     E (110)
  HIGHEST GUST SPEED    26   HIGHEST GUST DIRECTION    NW (300)
  AVERAGE WIND SPEED     6.7


SKY COVER
  POSSIBLE SUNSHINE  MM
  AVERAGE SKY COVER 0.3


WEATHER CONDITIONS
 THE FOLLOWING WEATHER WAS RECORDED YESTERDAY.
  THUNDERSTORM
  HEAVY RAIN
  RAIN
  LIGHT RAIN
  FOG


RELATIVE HUMIDITY (PERCENT)
 HIGHEST   100           500 AM
 LOWEST     41           100 PM
 AVERAGE    71

..........................................................


THE EL DORADO CLIMATE NORMALS FOR TODAY
                         NORMAL    RECORD    YEAR
 MAXIMUM TEMPERATURE (F)   77        91      1925
 MINIMUM TEMPERATURE (F)   53        35      1931


SUNRISE AND SUNSET
APRIL 22 2018.........SUNRISE   633 AM CDT   SUNSET   747 PM CDT
APRIL 23 2018.........SUNRISE   632 AM CDT   SUNSET   748 PM CDT


-  INDICATES NEGATIVE NUMBERS.
R  INDICATES RECORD WAS SET OR TIED.
MM INDICATES DATA IS MISSING.
T  INDICATES TRACE AMOUNT.




$$
