000
CDUS43 KTOP 190634
CLIEMP


CLIMATE REPORT
NATIONAL WEATHER SERVICE TOPEKA KS
133 AM CDT THU APR 19 2018


...................................

...THE EMPORIA KS CLIMATE SUMMARY FOR APRIL 18 2018...

CLIMATE NORMAL PERIOD 1981 TO 2010
CLIMATE RECORD PERIOD 9999 TO 9999


WEATHER ITEM   OBSERVED NORMAL DEPARTURE LAST
                VALUE   VALUE  FROM      YEAR
                               NORMAL
...............................................
TEMPERATURE (F)
 YESTERDAY
  MAXIMUM         70     69      1       80
  MINIMUM         34     45    -11       53
  AVERAGE         52     57     -5       67

PRECIPITATION (IN)
  YESTERDAY        0.00   0.12  -0.12     0.00
  MONTH TO DATE    0.19   1.65  -1.46     3.05
  SINCE MAR 1      2.38   4.18  -1.80     7.24
  SINCE JAN 1      3.71   6.04  -2.33     8.98

DEGREE DAYS
 HEATING
  YESTERDAY       13      9      4        0
  MONTH TO DATE  372    211    161      123
  SINCE MAR 1    963    821    142      599
  SINCE JUL 1   4691   4643     48     3690

 COOLING
  YESTERDAY        0      1     -1        2
  MONTH TO DATE    4     12     -8       25
  SINCE MAR 1      4     14    -10       37
  SINCE JAN 1      4     14    -10       37
...............................................


WIND (MPH)
  HIGHEST WIND SPEED    33   HIGHEST WIND DIRECTION    NW (330)
  HIGHEST GUST SPEED    49   HIGHEST GUST DIRECTION    NW (320)
  AVERAGE WIND SPEED    18.2


SKY COVER
  AVERAGE SKY COVER 0.4


WEATHER CONDITIONS
 THE FOLLOWING WEATHER WAS RECORDED YESTERDAY.
  HAZE


RELATIVE HUMIDITY (PERCENT)
 HIGHEST    70
 LOWEST     35
 AVERAGE    53

..........................................................


THE EMPORIA KS CLIMATE NORMALS FOR TODAY
                         NORMAL
 MAXIMUM TEMPERATURE (F)   69
 MINIMUM TEMPERATURE (F)   45


SUNRISE AND SUNSET
APRIL 19 2018.........SUNRISE   643 AM CDT   SUNSET   805 PM CDT
APRIL 20 2018.........SUNRISE   642 AM CDT   SUNSET   806 PM CDT


-  INDICATES NEGATIVE NUMBERS.
R  INDICATES RECORD WAS SET OR TIED.
MM INDICATES DATA IS MISSING.
T  INDICATES TRACE AMOUNT.




$$
