000
CDUS46 KPQR 261142
CLIEUG


CLIMATE REPORT
NATIONAL WEATHER SERVICE PORTLAND OREGON
441 AM PDT THU APR 26 2018


...................................

...THE EUGENE OR CLIMATE SUMMARY FOR APRIL 25 2018...

CLIMATE NORMAL PERIOD 1981 TO 2010
CLIMATE RECORD PERIOD 1892 TO 2018


WEATHER ITEM   OBSERVED TIME   RECORD YEAR NORMAL DEPARTURE LAST
                VALUE   (LST)  VALUE       VALUE  FROM      YEAR
                                                  NORMAL
..................................................................
TEMPERATURE (F)
 YESTERDAY
  MAXIMUM         78    440 PM  86    1910  63     15       55
                                      1926
  MINIMUM         44    537 AM  31    1985  40      4       46
                                      1982
                                      1954
  AVERAGE         61                        52      9       51

PRECIPITATION (IN)
  YESTERDAY        0.00          0.66 1970   0.09  -0.09     0.06
  MONTH TO DATE    3.01                      2.90   0.11     3.06
  SINCE OCT 1     28.29                     38.99 -10.70    41.85
  SINCE JAN 1     14.28                     20.19  -5.91    22.26

SNOWFALL (IN)
  YESTERDAY        0.0
  MONTH TO DATE    0.0
  SINCE MAR 1      T
  SINCE JUL 1      2.0

DEGREE DAYS
 HEATING
  YESTERDAY        4                        14    -10       14
  MONTH TO DATE  378                       381     -3      370
  SINCE MAR 1   1037                       950     87      894
  SINCE JUL 1   4360                      4277     83     4095

 COOLING
  YESTERDAY        0                         0      0        0
  MONTH TO DATE    0                         0      0        0
  SINCE MAR 1      0                         0      0        0
  SINCE JAN 1      0                         0      0        0
..................................................................


WIND (MPH)
  HIGHEST WIND SPEED    13   HIGHEST WIND DIRECTION     N (10)
  HIGHEST GUST SPEED    15   HIGHEST GUST DIRECTION     N (10)
  AVERAGE WIND SPEED     6.1


SKY COVER
  POSSIBLE SUNSHINE  MM
  AVERAGE SKY COVER 0.0


WEATHER CONDITIONS
 THE FOLLOWING WEATHER WAS RECORDED YESTERDAY.
  NO SIGNIFICANT WEATHER WAS OBSERVED.


RELATIVE HUMIDITY (PERCENT)
 HIGHEST    93           300 AM
 LOWEST     40           300 PM
 AVERAGE    67

..........................................................


THE EUGENE OR CLIMATE NORMALS FOR TODAY
                         NORMAL    RECORD    YEAR
 MAXIMUM TEMPERATURE (F)   63        86      1947
 MINIMUM TEMPERATURE (F)   41        30      1943


SUNRISE AND SUNSET
APRIL 26 2018.........SUNRISE   611 AM PDT   SUNSET   811 PM PDT
APRIL 27 2018.........SUNRISE   610 AM PDT   SUNSET   812 PM PDT


-  INDICATES NEGATIVE NUMBERS.
R  INDICATES RECORD WAS SET OR TIED.
MM INDICATES DATA IS MISSING.
T  INDICATES TRACE AMOUNT.




$$
