000
CDUS43 KPAH 210628
CLIEVV


CLIMATE REPORT
NATIONAL WEATHER SERVICE PADUCAH KY
126 AM CDT SAT APR 21 2018


...................................

...THE EVANSVILLE IN CLIMATE SUMMARY FOR APRIL 20 2018...

CLIMATE NORMAL PERIOD 1981 TO 2010
CLIMATE RECORD PERIOD 1896 TO 2018


WEATHER ITEM   OBSERVED TIME   RECORD YEAR NORMAL DEPARTURE LAST
                VALUE   (LST)  VALUE       VALUE  FROM      YEAR
                                                  NORMAL
..................................................................
TEMPERATURE (F)
 YESTERDAY
  MAXIMUM         65    344 PM  88    1976  69     -4       83
                                      1971
  MINIMUM         35    516 AM  27    1904  46    -11       62
  AVERAGE         50                        58     -8       73

PRECIPITATION (IN)
  YESTERDAY        0.00          3.65 1995   0.15  -0.15     0.01
  MONTH TO DATE    3.01                      2.78   0.23     2.03
  SINCE MAR 1      8.23                      7.02   1.21     5.88
  SINCE JAN 1     20.44                     13.29   7.15     9.15

SNOWFALL (IN)
  YESTERDAY        0.0           0.0  2002   0.0    0.0      0.0
                                      2001
  MONTH TO DATE    0.3                       0.1    0.2      0.0
  SINCE MAR 1      4.1                       1.1    3.0      1.0
  SINCE JUL 1     12.1                      11.8    0.3      1.4
  SNOW DEPTH       0

DEGREE DAYS
 HEATING
  YESTERDAY       15                         8      7        0
  MONTH TO DATE  360                       222    138       85
  SINCE MAR 1   1007                       814    193      583
  SINCE JUL 1   4393                      4388      5     3282

 COOLING
  YESTERDAY        0                         1     -1        8
  MONTH TO DATE    8                        12     -4       48
  SINCE MAR 1      8                        15     -7       53
  SINCE JAN 1     15                        15      0       53
..................................................................


WIND (MPH)
  HIGHEST WIND SPEED    14   HIGHEST WIND DIRECTION     E (100)
  HIGHEST GUST SPEED    19   HIGHEST GUST DIRECTION     E (100)
  AVERAGE WIND SPEED     8.3


SKY COVER
  AVERAGE SKY COVER 0.0


WEATHER CONDITIONS
 THE FOLLOWING WEATHER WAS RECORDED YESTERDAY.
  NO SIGNIFICANT WEATHER WAS OBSERVED.


RELATIVE HUMIDITY (PERCENT)
 HIGHEST    56
 LOWEST     19
 AVERAGE    38

..........................................................


THE EVANSVILLE IN CLIMATE NORMALS FOR TODAY
                         NORMAL    RECORD    YEAR
 MAXIMUM TEMPERATURE (F)   70        87      1987
 MINIMUM TEMPERATURE (F)   46        31      1904


SUNRISE AND SUNSET
APRIL 21 2018.........SUNRISE   606 AM CDT   SUNSET   732 PM CDT
APRIL 22 2018.........SUNRISE   605 AM CDT   SUNSET   733 PM CDT


-  INDICATES NEGATIVE NUMBERS.
R  INDICATES RECORD WAS SET OR TIED.
MM INDICATES DATA IS MISSING.
T  INDICATES TRACE AMOUNT.




$$
