000
CDUS42 KMHX 230529
CLIEWN


CLIMATE REPORT
NATIONAL WEATHER SERVICE NEWPORT/MOREHEAD CITY NC
127 AM EDT MON APR 23 2018


...................................

...THE NEW BERN NC CLIMATE SUMMARY FOR APRIL 22 2018...

CLIMATE NORMAL PERIOD 1981 TO 2010
CLIMATE RECORD PERIOD 1948 TO 2018


WEATHER ITEM   OBSERVED TIME   RECORD YEAR NORMAL DEPARTURE LAST
                VALUE   (LST)  VALUE       VALUE  FROM      YEAR
                                                  NORMAL
..................................................................
TEMPERATURE (F)
 YESTERDAY
  MAXIMUM         68    312 PM  92    1985  75     -7       87
  MINIMUM         42    555 AM  36    1983  52    -10       61
  AVERAGE         55                        64     -9       74

PRECIPITATION (IN)
  YESTERDAY        0.00          1.79 1972   0.11  -0.11     0.00
  MONTH TO DATE    2.49                      2.30   0.19     2.07
  SINCE MAR 1      6.72                      6.69   0.03     6.10
  SINCE JAN 1     13.13                     14.37  -1.24    12.32

SNOWFALL (IN)
  YESTERDAY        0.0
  MONTH TO DATE    0.0
  SINCE NOV 1      6.0
  SINCE JUL 1      6.0
  SNOW DEPTH       0

DEGREE DAYS
 HEATING
  YESTERDAY       10                         4      6        0
  MONTH TO DATE  185                       127     58       48
  SINCE MAR 1    708                       496    212      459
  SINCE JUL 1   2877                      2642    235     2199

 COOLING
  YESTERDAY        0                         2     -2        9
  MONTH TO DATE    8                        34    -26       74
  SINCE MAR 1     14                        45    -31       85
  SINCE JAN 1     56                        48      8       91
..................................................................


WIND (MPH)
  HIGHEST WIND SPEED    14   HIGHEST WIND DIRECTION     E (90)
  HIGHEST GUST SPEED    18   HIGHEST GUST DIRECTION     E (110)
  AVERAGE WIND SPEED     5.1


SKY COVER
  POSSIBLE SUNSHINE  MM
  AVERAGE SKY COVER 0.0


WEATHER CONDITIONS
 THE FOLLOWING WEATHER WAS RECORDED YESTERDAY.
  NO SIGNIFICANT WEATHER WAS OBSERVED.


RELATIVE HUMIDITY (PERCENT)
 HIGHEST   100           200 AM
 LOWEST     27           300 PM
 AVERAGE    64

..........................................................


THE NEW BERN NC CLIMATE NORMALS FOR TODAY
                         NORMAL    RECORD    YEAR
 MAXIMUM TEMPERATURE (F)   75        92      1980
 MINIMUM TEMPERATURE (F)   52        38      1986


SUNRISE AND SUNSET
APRIL 23 2018.........SUNRISE   626 AM EDT   SUNSET   747 PM EDT
APRIL 24 2018.........SUNRISE   625 AM EDT   SUNSET   748 PM EDT


-  INDICATES NEGATIVE NUMBERS.
R  INDICATES RECORD WAS SET OR TIED.
MM INDICATES DATA IS MISSING.
T  INDICATES TRACE AMOUNT.




$$
