000
CDAK49 PAFG 270944
CLIFAI

CLIMATE REPORT
NATIONAL WEATHER SERVICE FAIRBANKS AK
144 AM AKDT SUN MAY 27 2018

...................................

...THE FAIRBANKS AK CLIMATE SUMMARY FOR MAY 26 2018...

CLIMATE NORMAL PERIOD 1981 TO 2010
CLIMATE RECORD PERIOD 1904 TO 2018


WEATHER ITEM   OBSERVED TIME   RECORD YEAR NORMAL DEPARTURE LAST
                VALUE   (LST)  VALUE       VALUE  FROM      YEAR
                                                  NORMAL
..................................................................
TEMPERATURE (F)
 YESTERDAY
  MAXIMUM         65    441 PM  80    2011  65      0       55
                                      2010
                                      2002
  MINIMUM         38    400 AM  30    1920  42     -4       35
  AVERAGE         52                        53     -1       45

PRECIPITATION (IN)
  YESTERDAY        0.05          0.59 1944   0.02   0.03     0.01
  MONTH TO DATE    1.15                      0.48   0.67     0.55
  SINCE MAR 1      1.88                      1.04   0.84     0.81
  SINCE JAN 1      4.54                      2.04   2.50     3.01

SNOWFALL (IN)
  YESTERDAY        0.0           T    2017   0.0    0.0       T
  MONTH TO DATE    0.7                       0.9   -0.2       T
  SINCE MAR 1     11.4                       8.7    2.7      4.7
  SINCE JUL 1     85.7                      65.0   20.7     83.7
  SNOW DEPTH       0

DEGREE DAYS
 HEATING
  YESTERDAY       13                        12      1       20
  MONTH TO DATE  423                       433    -10      393
  SINCE MAR 1   2951                      3067   -116     3352
  SINCE JUL 1  12176                     13457  -1281    13482

 COOLING
  YESTERDAY        0                         0      0        0
  MONTH TO DATE    0                         0      0        0
  SINCE MAR 1      0                         0      0        0
  SINCE JAN 1      0                         0      0        0
..................................................................


WIND (MPH)
  HIGHEST GUST SPEED    28   HIGHEST GUST DIRECTION    NW (320)


SKY COVER
  AVERAGE SKY COVER 0.6


WEATHER CONDITIONS
 THE FOLLOWING WEATHER WAS RECORDED YESTERDAY.
  LIGHT RAIN


RELATIVE HUMIDITY (PERCENT)
 HIGHEST    92
 LOWEST     39
 AVERAGE    66

..........................................................


THE FAIRBANKS AK CLIMATE NORMALS FOR TODAY
                         NORMAL    RECORD    YEAR
 MAXIMUM TEMPERATURE (F)   65        85      2011
 MINIMUM TEMPERATURE (F)   42        28      1927


SUNRISE AND SUNSET
MAY 27 2018...........SUNRISE   348 AM AKDT  SUNSET  1152 PM AKDT
MAY 28 2018...........SUNRISE   345 AM AKDT  SUNSET  1155 PM AKDT


-  INDICATES NEGATIVE NUMBERS.
R  INDICATES RECORD WAS SET OR TIED.
MM INDICATES DATA IS MISSING.
T  INDICATES TRACE AMOUNT.

&&

SNOW DEPTH IS MEASURED AT 3AM AKST/4AM AKDT

----------------------------
AVAILABLE DAYLIGHT

AMOUNT OF DAYLIGHT TODAY  (HOUR:MIN)........20:04
GAIN SINCE YESTERDAY........................7 MINUTES
----------------------------

$$
HFL MAY 18
