000
CDUS43 KFGF 202157
CLIFAR


CLIMATE REPORT
NATIONAL WEATHER SERVICE EASTERN NORTH DAKOTA/GRAND FORKS
456 PM CDT FRI APR 20 2018


...................................

...THE FARGO HECTOR INTL AP ND CLIMATE SUMMARY FOR APRIL 20 2018...
VALID TODAY AS OF 0400 PM LOCAL TIME.

CLIMATE NORMAL PERIOD 1981 TO 2010
CLIMATE RECORD PERIOD 1881 TO 2018


WEATHER ITEM   OBSERVED TIME   RECORD YEAR NORMAL DEPARTURE LAST
                VALUE   (LST)  VALUE       VALUE  FROM      YEAR
                                                  NORMAL
..................................................................
TEMPERATURE (F)
 TODAY
  MAXIMUM         55    259 PM  94    1980  59     -4       59
  MINIMUM         32    502 AM  11    1966  35     -3       40
  AVERAGE         44                        47     -3       50

PRECIPITATION (IN)
  TODAY            0.00          1.17 2007   0.05  -0.05     0.16
  MONTH TO DATE    0.33                      0.81  -0.48     0.95
  SINCE MAR 1      2.26                      2.11   0.15     1.28
  SINCE JAN 1      3.30                      3.42  -0.12     3.05

SNOWFALL (IN)
  TODAY            0.0           2.5  1920   0.1   -0.1      0.0
  MONTH TO DATE    3.8                       2.3    1.5      0.0
  SINCE MAR 1     22.8                      11.4   11.4      1.6
  SINCE JUL 1     50.0                      49.4    0.6     30.9
  SNOW DEPTH       0

DEGREE DAYS
 HEATING
  TODAY           21                        18      3       15
  MONTH TO DATE  760                       468    292      345
  SINCE MAR 1   1957                      1620    337     1435
  SINCE JUL 1   8604                      8298    306     6933

 COOLING
  TODAY            0                         0      0        0
  MONTH TO DATE    0                         0      0        0
  SINCE MAR 1      0                         0      0        0
  SINCE JAN 1      0                         0      0        0
..................................................................


WIND (MPH)
  HIGHEST WIND SPEED    18   HIGHEST WIND DIRECTION     S (180)
  HIGHEST GUST SPEED    27   HIGHEST GUST DIRECTION    SE (140)
  AVERAGE WIND SPEED     8.4


SKY COVER
  POSSIBLE SUNSHINE  MM
  AVERAGE SKY COVER 0.0


WEATHER CONDITIONS
 THE FOLLOWING WEATHER WAS RECORDED TODAY.
  NO SIGNIFICANT WEATHER WAS OBSERVED.


RELATIVE HUMIDITY (PERCENT)
 HIGHEST    85           500 AM
 LOWEST     38           200 PM
 AVERAGE    62

..........................................................


THE FARGO HECTOR INTL AP ND CLIMATE NORMALS FOR TOMORROW
                         NORMAL    RECORD    YEAR
 MAXIMUM TEMPERATURE (F)   60       100      1980
 MINIMUM TEMPERATURE (F)   35        20      1988
                                             1936


SUNRISE AND SUNSET
APRIL 20 2018.........SUNRISE   630 AM CDT   SUNSET   823 PM CDT
APRIL 21 2018.........SUNRISE   629 AM CDT   SUNSET   824 PM CDT


-  INDICATES NEGATIVE NUMBERS.
R  INDICATES RECORD WAS SET OR TIED.
MM INDICATES DATA IS MISSING.
T  INDICATES TRACE AMOUNT.




$$
