000
CDUS46 KHNX 250823
CLIFAT


CLIMATE REPORT
NATIONAL WEATHER SERVICE SAN JOAQUIN VALLEY, CA
122 AM PDT WED APR 25 2018


...................................

...THE FRESNO CA CLIMATE SUMMARY FOR APRIL 24 2018...

CLIMATE NORMAL PERIOD 1981 TO 2010
CLIMATE RECORD PERIOD 1887 TO 2018


WEATHER ITEM   OBSERVED TIME   RECORD YEAR NORMAL DEPARTURE
                VALUE   (LST)  VALUE       VALUE  FROM
                                                  NORMAL
...............................................................
TEMPERATURE (F)
 YESTERDAY
  MAXIMUM         93    341 PM 101    1910  77     16
  MINIMUM         60    552 AM  36    1958  51      9
  AVERAGE         77                        64     13

PRECIPITATION (IN)
  YESTERDAY        0.00          1.60 1896   0.03  -0.03
  MONTH TO DATE    0.64                      0.80  -0.16
  SINCE OCT 1      6.73                     10.52  -3.79
  SINCE JAN 1      6.32                      7.05  -0.73

SNOWFALL (IN)
  YESTERDAY        0.0
  MONTH TO DATE    0.0
  SINCE MAR 1      0.0
  SINCE JUL 1      0.0
  SNOW DEPTH       0

DEGREE DAYS
 HEATING
  YESTERDAY        0                               -3
  MONTH TO DATE   62                              -60
  SINCE MAR 1    320                              -67
  SINCE JUL 1   1801                             -498

 COOLING
  YESTERDAY       12                               10
  MONTH TO DATE   61                               30
  SINCE MAR 1     71                               35
  SINCE JAN 1     71                               35
...............................................................


WIND (MPH)
  HIGHEST WIND SPEED    16   HIGHEST WIND DIRECTION    NW (330)
  HIGHEST GUST SPEED    20   HIGHEST GUST DIRECTION    SE (140)
  AVERAGE WIND SPEED     7.2




RELATIVE HUMIDITY (PERCENT)
 HIGHEST    72
 LOWEST     16
 AVERAGE    44

..........................................................


THE FRESNO CA CLIMATE NORMALS FOR TODAY
                         NORMAL    RECORD    YEAR
 MAXIMUM TEMPERATURE (F)   78       101      1898
 MINIMUM TEMPERATURE (F)   51        36      1964


SUNRISE AND SUNSET
APRIL 25 2018.........SUNRISE   612 AM PDT   SUNSET   742 PM PDT
APRIL 26 2018.........SUNRISE   611 AM PDT   SUNSET   743 PM PDT


-  INDICATES NEGATIVE NUMBERS.
R  INDICATES RECORD WAS SET OR TIED.
MM INDICATES DATA IS MISSING.
T  INDICATES TRACE AMOUNT.




$$
