230
CDUS42 KRAH 240801
CLIFAY


CLIMATE REPORT
NATIONAL WEATHER SERVICE RALEIGH NC
359 AM EDT TUE APR 24 2018


...................................

...THE FAYETTEVILLE REGL AIRPORT NC CLIMATE SUMMARY FOR APRIL 23 2018...

CLIMATE NORMAL PERIOD 1981 TO 2010
CLIMATE RECORD PERIOD 1910 TO 2018


WEATHER ITEM   OBSERVED TIME   RECORD YEAR NORMAL DEPARTURE LAST
                VALUE   (LST)  VALUE       VALUE  FROM      YEAR
                                                  NORMAL
..................................................................
TEMPERATURE (F)
 YESTERDAY
  MAXIMUM         67    307 PM  93    1957  77    -10       64
  MINIMUM         53    513 AM  35    1927  52      1       57
  AVERAGE         60                        65     -5       61

PRECIPITATION (IN)
  YESTERDAY        0.27          1.01 1997   0.09   0.18     0.05
  MONTH TO DATE    1.65                      2.34  -0.69     1.24
  SINCE MAR 1      4.52                      5.89  -1.37     3.92
  SINCE JAN 1      9.22                     11.95  -2.73     7.34

DEGREE DAYS
 HEATING
  YESTERDAY        5                         3      2        4
  MONTH TO DATE  158                       119     39       39
  SINCE MAR 1    622                       463    159      388
  SINCE JUL 1   2688                      2688      0     2010

 COOLING
  YESTERDAY        0                         3     -3        0
  MONTH TO DATE   31                        44    -13       99
  SINCE MAR 1     36                        56    -20      135
  SINCE JAN 1     84                        60     24      150
..................................................................


WIND (MPH)
  HIGHEST WIND SPEED    24   HIGHEST WIND DIRECTION     E (100)
  HIGHEST GUST SPEED    32   HIGHEST GUST DIRECTION     E (110)
  AVERAGE WIND SPEED    10.4


SKY COVER
  POSSIBLE SUNSHINE  MM
  AVERAGE SKY COVER 0.8


WEATHER CONDITIONS
 THE FOLLOWING WEATHER WAS RECORDED YESTERDAY.
  RAIN
  LIGHT RAIN
  FOG


RELATIVE HUMIDITY (PERCENT)
 HIGHEST    84          1200 PM
 LOWEST     43          1200 AM
 AVERAGE    64

..........................................................


THE FAYETTEVILLE REGL AIRPORT NC CLIMATE NORMALS FOR TODAY
                         NORMAL    RECORD    YEAR
 MAXIMUM TEMPERATURE (F)   77        95      1925
 MINIMUM TEMPERATURE (F)   52        34      1986


SUNRISE AND SUNSET
APRIL 24 2018.........SUNRISE   632 AM EDT   SUNSET   755 PM EDT
APRIL 25 2018.........SUNRISE   631 AM EDT   SUNSET   756 PM EDT


-  INDICATES NEGATIVE NUMBERS.
R  INDICATES RECORD WAS SET OR TIED.
MM INDICATES DATA IS MISSING.
T  INDICATES TRACE AMOUNT.




$$
