545
CDUS43 KFGF 212148
CLIFGF


CLIMATE REPORT
NATIONAL WEATHER SERVICE EASTERN NORTH DAKOTA/GRAND FORKS
448 PM CDT MON MAY 21 2018


...................................

...THE GRAND FORKS UNIV. (NWS) ND CLIMATE SUMMARY FOR MAY 21 2018...
VALID TODAY AS OF 0400 PM LOCAL TIME.

CLIMATE NORMAL PERIOD 1981 TO 2010
CLIMATE RECORD PERIOD 1893 TO 2018


WEATHER ITEM   OBSERVED TIME   RECORD YEAR NORMAL DEPARTURE LAST
                VALUE   (LST)  VALUE       VALUE  FROM      YEAR
                                                  NORMAL
..................................................................
TEMPERATURE (F)
 TODAY
  MAXIMUM         78        MM 100    1964  70      8       54
  MINIMUM         46        MM  25    1924  45      1       37
  AVERAGE         62                        58      4       46

PRECIPITATION (IN)
  TODAY            0.00          1.49 1987   0.09  -0.09     0.23
  MONTH TO DATE    1.34                      1.71  -0.37     0.88
  SINCE MAR 1      3.38                      3.71  -0.33     3.20
  SINCE JAN 1      4.51                      5.01  -0.50     4.30

SNOWFALL (IN)
  TODAY            0.0           0.7  1924   0.0    0.0      0.0
  MONTH TO DATE    0.0                       0.1   -0.1      0.0
  SINCE MAR 1     18.4                       8.1   10.3      6.8
  SINCE JUL 1     57.0                      43.4   13.6     49.7
  SNOW DEPTH       0

DEGREE DAYS
 HEATING
  TODAY            3                         8     -5       19
  MONTH TO DATE  177                       242    -65      198
  SINCE MAR 1   2301                      2097    204     2031
  SINCE JUL 1   9281                      9057    224     7979

 COOLING
  TODAY            0                         1     -1        0
  MONTH TO DATE    7                        16     -9        0
  SINCE MAR 1      7                        19    -12        0
  SINCE JAN 1      7                        19    -12        0
..................................................................


WIND (MPH)
  HIGHEST WIND SPEED    MM   HIGHEST WIND DIRECTION    MM
  HIGHEST GUST SPEED    MM   HIGHEST GUST DIRECTION    MM
  AVERAGE WIND SPEED    MM


SKY COVER
  POSSIBLE SUNSHINE  MM
  AVERAGE SKY COVER  MM


WEATHER CONDITIONS
 THE FOLLOWING WEATHER WAS RECORDED TODAY.
  NO SIGNIFICANT WEATHER WAS OBSERVED.


RELATIVE HUMIDITY (PERCENT)
 HIGHEST    MM
 LOWEST     MM
 AVERAGE    MM

..........................................................


THE GRAND FORKS UNIV. (NWS) ND CLIMATE NORMALS FOR TOMORROW
                         NORMAL    RECORD    YEAR
 MAXIMUM TEMPERATURE (F)   70        95      1980
 MINIMUM TEMPERATURE (F)   46        25      1963


SUNRISE AND SUNSET
MAY 21 2018...........SUNRISE   543 AM CDT   SUNSET   908 PM CDT
MAY 22 2018...........SUNRISE   542 AM CDT   SUNSET   909 PM CDT


-  INDICATES NEGATIVE NUMBERS.
R  INDICATES RECORD WAS SET OR TIED.
MM INDICATES DATA IS MISSING.
T  INDICATES TRACE AMOUNT.




$$
