000
CDUS45 KFGZ 240740
CLIFLG


CLIMATE REPORT
NATIONAL WEATHER SERVICE FLAGSTAFF, AZ
1239 AM MST TUE APR 24 2018


...................................

...THE FLAGSTAFF AZ AIRPORT CLIMATE SUMMARY FOR APRIL 23 2018...

CLIMATE NORMAL PERIOD 1981 TO 2010
CLIMATE RECORD PERIOD 1898 TO 2018


WEATHER ITEM   OBSERVED TIME   RECORD YEAR NORMAL DEPARTURE LAST
                VALUE   (LST)  VALUE       VALUE  FROM      YEAR
                                                  NORMAL
..................................................................
TEMPERATURE (F)
 YESTERDAY
  MAXIMUM         71    304 PM  78    2012  61     10       69
  MINIMUM         33    529 AM  14    1963  30      3       28
  AVERAGE         52                        45      7

PRECIPITATION (IN)
  YESTERDAY        0.00          0.45 1999   0.03  -0.03     0.00
                                      1960
  MONTH TO DATE    0.06                      0.95  -0.89     0.17
  SINCE SEP 1      5.50                     14.95  -9.45    17.46
  SINCE JAN 1      5.07                      7.28  -2.21     8.85

SNOWFALL (IN)
  YESTERDAY        0.0           3.2  1900   0.2   -0.2      0.0
  MONTH TO DATE    0.0                       5.8   -5.8      1.7
  SINCE JUL 1     37.4                      99.7  -62.3     95.5
  SNOW DEPTH       0

DEGREE DAYS
 HEATING
  YESTERDAY       13                        20     -7       16
  MONTH TO DATE  427                       520    -93      455
  SINCE JUL 1   5403                      6227   -824     5646

 COOLING
  YESTERDAY        0                         0      0        0
  MONTH TO DATE    0                         0      0        0
  SINCE JAN 1      0                         0      0        0
..................................................................


WIND (MPH)
  HIGHEST WIND SPEED    21   HIGHEST WIND DIRECTION    SW (220)
  HIGHEST GUST SPEED    33   HIGHEST GUST DIRECTION     S (200)
  AVERAGE WIND SPEED     7.0


SKY COVER
  POSSIBLE SUNSHINE  MM
  AVERAGE SKY COVER 0.0


WEATHER CONDITIONS
 THE FOLLOWING WEATHER WAS RECORDED YESTERDAY.
  NO SIGNIFICANT WEATHER WAS OBSERVED.


RELATIVE HUMIDITY (PERCENT)
 HIGHEST    52           600 AM
 LOWEST     12           400 PM
 AVERAGE    32

..........................................................


THE FLAGSTAFF AZ AIRPORT CLIMATE NORMALS FOR TODAY
                         NORMAL    RECORD    YEAR
 MAXIMUM TEMPERATURE (F)   61        77      1949
 MINIMUM TEMPERATURE (F)   30        10      1900


SUNRISE AND SUNSET
APRIL 24 2018.........SUNRISE   543 AM MST   SUNSET   707 PM MST
APRIL 25 2018.........SUNRISE   542 AM MST   SUNSET   708 PM MST


-  INDICATES NEGATIVE NUMBERS.
R  INDICATES RECORD WAS SET OR TIED.
MM INDICATES DATA IS MISSING.
T  INDICATES TRACE AMOUNT.




$$
