000
CDUS42 KMFL 200933
CLIFLL


CLIMATE REPORT
NATIONAL WEATHER SERVICE MIAMI, FL
523 AM EDT SUN MAY 20 2018


...................................

...THE FORT LAUDERDALE CLIMATE SUMMARY FOR MAY 19 2018...

CLIMATE NORMAL PERIOD 1981 TO 2010
CLIMATE RECORD PERIOD 1912 TO 2018


WEATHER ITEM   OBSERVED TIME   RECORD YEAR NORMAL DEPARTURE LAST
                VALUE   (LST)  VALUE       VALUE  FROM      YEAR
                                                  NORMAL
..................................................................
TEMPERATURE (F)
 YESTERDAY
  MAXIMUM         78    529 AM  94    1985  87     -9       87
  MINIMUM         71    330 PM  55    1917  75     -4       75
  AVERAGE         75                        81     -6       81

PRECIPITATION (IN)
  YESTERDAY        0.87          2.36 2002   0.18   0.69     0.23
  MONTH TO DATE    5.91                      2.16   3.75     1.46
  SINCE NOV 1     18.93                     20.70  -1.77    14.87
  SINCE JAN 1     12.30                     15.00  -2.70    10.24

SNOWFALL (IN)
  YESTERDAY        0.0
  MONTH TO DATE    0.0
  SINCE MAR 1      0.0
  SINCE JUL 1      0.0
  SNOW DEPTH       0

DEGREE DAYS
 HEATING
  YESTERDAY        0                         0      0        0
  MONTH TO DATE    0                         0      0        0
  SINCE MAR 1     15                        10      5        6
  SINCE JUL 1    141                       112     29       35

 COOLING
  YESTERDAY       10                        16     -6       16
  MONTH TO DATE  256                       272    -16      270
  SINCE MAR 1    810                       863    -53      900
  SINCE JAN 1   1234                      1219     15     1356
..................................................................


WIND (MPH)
  HIGHEST WIND SPEED    24   HIGHEST WIND DIRECTION     S (160)
  HIGHEST GUST SPEED    32   HIGHEST GUST DIRECTION    SE (140)
  AVERAGE WIND SPEED     9.9


SKY COVER
  AVERAGE SKY COVER 0.9


WEATHER CONDITIONS
 THE FOLLOWING WEATHER WAS RECORDED YESTERDAY.
  HEAVY RAIN
  RAIN
  LIGHT RAIN
  FOG


RELATIVE HUMIDITY (PERCENT)
 HIGHEST   100
 LOWEST     82
 AVERAGE    91

..........................................................


THE FORT LAUDERDALE CLIMATE NORMALS FOR TODAY
                         NORMAL    RECORD    YEAR
 MAXIMUM TEMPERATURE (F)   87        96      2008
 MINIMUM TEMPERATURE (F)   75        57      1917


SUNRISE AND SUNSET
MAY 20 2018...........SUNRISE   632 AM EDT   SUNSET   802 PM EDT
MAY 21 2018...........SUNRISE   632 AM EDT   SUNSET   803 PM EDT


-  INDICATES NEGATIVE NUMBERS.
R  INDICATES RECORD WAS SET OR TIED.
MM INDICATES DATA IS MISSING.
T  INDICATES TRACE AMOUNT.




$$
