000
CDUS42 KILM 240841
CLIFLO


CLIMATE REPORT
NATIONAL WEATHER SERVICE WILMINGTON NC
441 AM EDT TUE APR 24 2018


...................................

...THE FLORENCE SOUTH  CAROLINA CLIMATE SUMMARY FOR APRIL 23 2018...

CLIMATE NORMAL PERIOD 1981 TO 2010
CLIMATE RECORD PERIOD 1948 TO 2018


WEATHER ITEM   OBSERVED TIME   RECORD YEAR NORMAL DEPARTURE LAST
                VALUE   (LST)  VALUE       VALUE  FROM      YEAR
                                                  NORMAL
..................................................................
TEMPERATURE (F)
 YESTERDAY
  MAXIMUM         66    118 PM  93    1980  78    -12       71
  MINIMUM         57    609 AM  35    1986  53      4       60
  AVERAGE         62                        65     -3       66

PRECIPITATION (IN)
  YESTERDAY        0.84          1.40 1971   0.10   0.74     0.02
  MONTH TO DATE    4.32                      2.01   2.31     2.83
  SINCE MAR 1      7.22                      5.34   1.88     4.43
  SINCE JAN 1     10.26                     11.49  -1.23     9.30

SNOWFALL (IN)
  YESTERDAY       MM            MM      MM   0.0
  MONTH TO DATE   MM                         0.0
  SINCE MAR 1     MM                         0.1
  SINCE JUL 1     MM                         1.5
  SNOW DEPTH      MM

DEGREE DAYS
 HEATING
  YESTERDAY        3                         3      0        0
  MONTH TO DATE  136                       107     29       40
  SINCE MAR 1    519                       417    102      371
  SINCE JUL 1   2413                      2483    -70     1816

 COOLING
  YESTERDAY        0                         3     -3        1
  MONTH TO DATE   35                        47    -12       83
  SINCE MAR 1     42                        65    -23      123
  SINCE JAN 1     94                        71     23      136
..................................................................


WIND (MPH)
  RESULTANT WIND SPEED  14   RESULTANT WIND DIRECTION   E (100)
  HIGHEST WIND SPEED    29   HIGHEST WIND DIRECTION    SE (120)
  HIGHEST GUST SPEED    40   HIGHEST GUST DIRECTION    SE (120)
  AVERAGE WIND SPEED    15.2


SKY COVER
  POSSIBLE SUNSHINE  MM
  AVERAGE SKY COVER 0.8


WEATHER CONDITIONS
 THE FOLLOWING WEATHER WAS RECORDED YESTERDAY.
  HEAVY RAIN
  RAIN
  LIGHT RAIN
  FOG


RELATIVE HUMIDITY (PERCENT)
 HIGHEST    93           300 PM
 LOWEST     72          1200 AM
 AVERAGE    83

..........................................................


THE FLORENCE SOUTH  CAROLINA CLIMATE NORMALS FOR TODAY
                         NORMAL    RECORD    YEAR
 MAXIMUM TEMPERATURE (F)   78        92      2006
                                             1976
 MINIMUM TEMPERATURE (F)   53        35      1982


SUNRISE AND SUNSET
APRIL 24 2018.........SUNRISE   637 AM EDT   SUNSET   757 PM EDT
APRIL 25 2018.........SUNRISE   636 AM EDT   SUNSET   758 PM EDT


-  INDICATES NEGATIVE NUMBERS.
R  INDICATES RECORD WAS SET OR TIED.
MM INDICATES DATA IS MISSING.
T  INDICATES TRACE AMOUNT.




$$
