000
CDUS42 KTBW 190832
CLIFMY


CLIMATE REPORT
NATIONAL WEATHER SERVICE TAMPA BAY FL
430 AM EDT THU APR 19 2018


...................................

...THE FORT MYERS CLIMATE SUMMARY FOR APRIL 18 2018...

CLIMATE NORMAL PERIOD 1981 TO 2010
CLIMATE RECORD PERIOD 1902 TO 2018


WEATHER ITEM   OBSERVED TIME   RECORD YEAR NORMAL DEPARTURE LAST
                VALUE   (LST)  VALUE       VALUE  FROM      YEAR
                                                  NORMAL
..................................................................
TEMPERATURE (F)
 YESTERDAY
  MAXIMUM         89    215 PM  95    1944  85      4       MM
  MINIMUM         57    611 AM  49    1956  63     -6       MM
  AVERAGE         73                        74     -1       MM

PRECIPITATION (IN)
  YESTERDAY        0.00          1.75 1916   0.07  -0.07     0.00
  MONTH TO DATE    0.98                      1.35  -0.37     0.04
  SINCE MAR 1      1.49                      4.23  -2.74     0.20
  SINCE JAN 1      3.53                      8.32  -4.79     2.45

DEGREE DAYS
 HEATING
  YESTERDAY        0                         0      0       MM
  MONTH TO DATE    0                         0      0        0
  SINCE MAR 1     22                        24     -2       11
  SINCE JUL 1    208                       284    -76       76

 COOLING
  YESTERDAY        8                         9     -1       MM
  MONTH TO DATE  210                       146     64      133
  SINCE MAR 1    356                       322     34      376
  SINCE JAN 1    720                       507    213      718
..................................................................


WIND (MPH)
  RESULTANT WIND SPEED   2   RESULTANT WIND DIRECTION  SW (220)
  HIGHEST WIND SPEED    20   HIGHEST WIND DIRECTION     W (280)
  HIGHEST GUST SPEED    22   HIGHEST GUST DIRECTION     W (280)
  AVERAGE WIND SPEED     4.2


SKY COVER
  POSSIBLE SUNSHINE  MM
  AVERAGE SKY COVER 0.0


WEATHER CONDITIONS
 THE FOLLOWING WEATHER WAS RECORDED YESTERDAY.
  FOG
  HAZE


RELATIVE HUMIDITY (PERCENT)
 HIGHEST    93           100 AM
 LOWEST     21           100 PM

..........................................................


THE FORT MYERS CLIMATE NORMALS FOR TODAY
                         NORMAL    RECORD    YEAR
 MAXIMUM TEMPERATURE (F)   85        93      1972
 MINIMUM TEMPERATURE (F)   64        49      2001


SUNRISE AND SUNSET
APRIL 19 2018.........SUNRISE   700 AM EDT   SUNSET   754 PM EDT
APRIL 20 2018.........SUNRISE   659 AM EDT   SUNSET   754 PM EDT


-  INDICATES NEGATIVE NUMBERS.
R  INDICATES RECORD WAS SET OR TIED.
MM INDICATES DATA IS MISSING.
T  INDICATES TRACE AMOUNT.




$$


&&
------------------------------------------------------------------
******************** SUPPLEMENTAL DATA ***************************

...GULF WATER TEMPERATURE AT FORT MYERS BEACH 77 DEGREES
