000
CDUS42 KFFC 230832
CLIFTY


CLIMATE REPORT
NATIONAL WEATHER SERVICE PEACHTREE CITY GA
432 AM EDT MON APR 23 2018


...................................

...THE FULTON COUNTY AIRPORT CLIMATE SUMMARY FOR APRIL 22 2018...

CLIMATE NORMAL PERIOD 1981 TO 2010
CLIMATE RECORD PERIOD 9999 TO 9999


WEATHER ITEM   OBSERVED TIME   RECORD YEAR NORMAL DEPARTURE LAST
                VALUE   (LST)  VALUE       VALUE  FROM      YEAR
                                                  NORMAL
..................................................................
TEMPERATURE (F)
 YESTERDAY
  MAXIMUM         64   1210 AM  MM      MM  75    -11       82
  MINIMUM         59   1159 PM  MM      MM  51      8       60
  AVERAGE         62                        63     -1       71

PRECIPITATION (IN)
  YESTERDAY        0.74         MM      MM   0.14   0.60      T
  MONTH TO DATE    2.26                      2.70  -0.44     4.91
  SINCE MAR 1      6.68                      7.51  -0.83     7.58
  SINCE JAN 1     14.06                     16.68  -2.62    15.63

SNOWFALL (IN)
  YESTERDAY        0.0          MM      MM  MM     MM        0.0
  MONTH TO DATE    0.0                      MM     MM        0.0
  SINCE MAR 1      0.0                      MM     MM        0.0
  SINCE JUL 1      0.0                      MM     MM        0.0
  SNOW DEPTH       0

DEGREE DAYS
 HEATING
  YESTERDAY        3                         4     -1        0
  MONTH TO DATE  160                       129     31       48
  SINCE MAR 1    546                       488     58      346
  SINCE JUL 1   2664                      2828   -164     1762

 COOLING
  YESTERDAY        0                         1     -1        6
  MONTH TO DATE   11                        20     -9       65
  SINCE MAR 1     15                        26    -11       94
  SINCE JAN 1     35                        26      9       94
..................................................................


WIND (MPH)
  RESULTANT WIND SPEED  10   RESULTANT WIND DIRECTION   E (100)
  HIGHEST WIND SPEED    20   HIGHEST WIND DIRECTION     E (100)
  HIGHEST GUST SPEED    33   HIGHEST GUST DIRECTION     E (100)
  AVERAGE WIND SPEED    10.7


SKY COVER
  AVERAGE SKY COVER 1.0


WEATHER CONDITIONS
 THE FOLLOWING WEATHER WAS RECORDED YESTERDAY.
  HEAVY RAIN
  RAIN
  LIGHT RAIN
  FOG


RELATIVE HUMIDITY (PERCENT)
 HIGHEST   100           100 PM
 LOWEST     44          1200 AM
 AVERAGE    72

..........................................................


THE FULTON COUNTY AIRPORT CLIMATE NORMALS FOR TODAY
                         NORMAL    RECORD    YEAR
 MAXIMUM TEMPERATURE (F)   75        MM        MM
 MINIMUM TEMPERATURE (F)   51        MM        MM


SUNRISE AND SUNSET
APRIL 23 2018.........SUNRISE   658 AM EDT   SUNSET   815 PM EDT
APRIL 24 2018.........SUNRISE   657 AM EDT   SUNSET   816 PM EDT


-  INDICATES NEGATIVE NUMBERS.
R  INDICATES RECORD WAS SET OR TIED.
MM INDICATES DATA IS MISSING.
T  INDICATES TRACE AMOUNT.




$$
