000
CDUS46 KSGX 251138
CLIFUL


CLIMATE REPORT
NATIONAL WEATHER SERVICE SAN DIEGO, CA
437 AM PDT FRI MAY 25 2018


...................................

...THE FULLERTON AIRPORT CA CLIMATE SUMMARY FOR MAY 24 2018...

CLIMATE NORMAL PERIOD 1981 TO 2010
CLIMATE RECORD PERIOD 1998 TO 2018


WEATHER ITEM   OBSERVED TIME   RECORD YEAR NORMAL DEPARTURE LAST
                VALUE   (LST)  VALUE       VALUE  FROM      YEAR
                                                  NORMAL
..................................................................
TEMPERATURE (F)
 YESTERDAY
  MAXIMUM         69    147 PM  85    2006  75     -6       76
  MINIMUM         60    732 AM  54    2010  59      1       59
  AVERAGE         65                        67     -2       68

PRECIPITATION (IN)
  YESTERDAY        0.02R         0.00   MM   0.01   0.01     0.00
  MONTH TO DATE    0.04                      0.24  -0.20     0.54
  SINCE OCT 1      3.11                     13.45 -10.34    16.91
  SINCE JAN 1      3.03                      9.55  -6.52    11.00

DEGREE DAYS
 HEATING
  YESTERDAY        0                         1     -1        0
  MONTH TO DATE   18                        29    -11       26
  SINCE MAR 1    185                       301   -116       98
  SINCE JUL 1    635                      1223   -588      795

 COOLING
  YESTERDAY        0                         3     -3        3
  MONTH TO DATE   49                        50     -1       85
  SINCE MAR 1    104                        93     11      223
  SINCE JAN 1    141                       102     39      226
..................................................................


WIND (MPH)
  RESULTANT WIND SPEED   2   RESULTANT WIND DIRECTION   S (170)
  HIGHEST WIND SPEED    12   HIGHEST WIND DIRECTION    SW (230)
  HIGHEST GUST SPEED    16   HIGHEST GUST DIRECTION    SW (230)
  AVERAGE WIND SPEED     3.3


SKY COVER
  POSSIBLE SUNSHINE  MM
  AVERAGE SKY COVER 1.0


WEATHER CONDITIONS
 THE FOLLOWING WEATHER WAS RECORDED YESTERDAY.
  LIGHT RAIN
  FOG
  HAZE


RELATIVE HUMIDITY (PERCENT)
 HIGHEST    90           700 AM
 LOWEST     59           200 PM
 AVERAGE    75

..........................................................


THE FULLERTON AIRPORT CA CLIMATE NORMALS FOR TODAY
                         NORMAL    RECORD    YEAR
 MAXIMUM TEMPERATURE (F)   75        81      2014
 MINIMUM TEMPERATURE (F)   59        51      2010


SUNRISE AND SUNSET
MAY 25 2018...........SUNRISE   545 AM PDT   SUNSET   753 PM PDT
MAY 26 2018...........SUNRISE   544 AM PDT   SUNSET   754 PM PDT


-  INDICATES NEGATIVE NUMBERS.
R  INDICATES RECORD WAS SET OR TIED.
MM INDICATES DATA IS MISSING.
T  INDICATES TRACE AMOUNT.




$$
